000
CDUS41 KCAR 050527
CLICAR


CLIMATE REPORT
NATIONAL WEATHER SERVICE CARIBOU, ME
126 AM EDT TUE MAY 5 2015


...................................

...THE CARIBOU ME CLIMATE SUMMARY FOR MAY 4 2015...

CLIMATE NORMAL PERIOD 1981 TO 2010
CLIMATE RECORD PERIOD 1939 TO 2015


WEATHER ITEM   OBSERVED TIME   RECORD YEAR NORMAL DEPARTURE LAST
                VALUE   (LST)  VALUE       VALUE  FROM      YEAR
                                                  NORMAL
..................................................................
TEMPERATURE (F)
 YESTERDAY
  MAXIMUM         81    220 PM  85    1999  58     23       53
                                      1944
  MINIMUM         45    418 AM  25    1986  37      8       39
  AVERAGE         63                        47     16       46

PRECIPITATION (IN)
  YESTERDAY        0.00          1.39 1947   0.09  -0.09     0.06
  MONTH TO DATE    0.00                      0.38  -0.38     0.60
  SINCE MAR 1      4.00                      5.55  -1.55     8.41
  SINCE JAN 1      8.10                     10.47  -2.37    14.63

SNOWFALL (IN)
  YESTERDAY        0.0           2.9  1966   0.0    0.0      0.0
  MONTH TO DATE    0.0                       0.1   -0.1      0.0
  SINCE MAR 1     33.5                      25.8    7.7     51.3
  SINCE JUL 1    141.8                     108.3   33.5    150.7
  SNOW DEPTH       0

DEGREE DAYS
 HEATING
  YESTERDAY        2                        18    -16       19
  MONTH TO DATE   46                        74    -28       76
  SINCE MAR 1   2293                      2119    174     2444
  SINCE JUL 1   9034                      8840    194     9098

 COOLING
  YESTERDAY        0                         0      0        0
  MONTH TO DATE    0                         0      0        0
  SINCE MAR 1      0                         0      0        0
  SINCE JAN 1      0                         0      0        0
..................................................................


WIND (MPH)
  HIGHEST WIND SPEED    31   HIGHEST WIND DIRECTION     W (250)
  HIGHEST GUST SPEED    42   HIGHEST GUST DIRECTION    SW (240)
  AVERAGE WIND SPEED    10.7


SKY COVER
  POSSIBLE SUNSHINE  MM
  AVERAGE SKY COVER 0.3


WEATHER CONDITIONS
 THE FOLLOWING WEATHER WAS RECORDED YESTERDAY.
  NO SIGNIFICANT WEATHER WAS OBSERVED.


RELATIVE HUMIDITY (PERCENT)
 HIGHEST    82           500 AM
 LOWEST     21           100 PM
 AVERAGE    52

..........................................................


THE CARIBOU ME CLIMATE NORMALS FOR TODAY
                         NORMAL    RECORD    YEAR
 MAXIMUM TEMPERATURE (F)   58        82      1999
 MINIMUM TEMPERATURE (F)   37        25      1958


SUNRISE AND SUNSET
MAY  5 2015...........SUNRISE   511 AM EDT   SUNSET   747 PM EDT
MAY  6 2015...........SUNRISE   510 AM EDT   SUNSET   749 PM EDT


-  INDICATES NEGATIVE NUMBERS.
R  INDICATES RECORD WAS SET OR TIED.
MM INDICATES DATA IS MISSING.
T  INDICATES TRACE AMOUNT.




$$
