000
CDUS41 KCAR 030533
CLICAR

CLIMATE REPORT
NATIONAL WEATHER SERVICE CARIBOU, ME
127 AM EDT SUN MAY 3 2015


...................................

...THE CARIBOU ME CLIMATE SUMMARY FOR MAY 2 2015...

CLIMATE NORMAL PERIOD 1981 TO 2010
CLIMATE RECORD PERIOD 1939 TO 2015


WEATHER ITEM   OBSERVED TIME   RECORD YEAR NORMAL DEPARTURE LAST
                VALUE   (LST)  VALUE       VALUE  FROM      YEAR
                                                  NORMAL
..................................................................
TEMPERATURE (F)
 YESTERDAY
  MAXIMUM         70    419 PM  83    2001  57     13       59
  MINIMUM         33    410 AM  18    1974  36     -3       39
  AVERAGE         52                        46      6       49

PRECIPITATION (IN)
  YESTERDAY        0.00          1.35 1989   0.10  -0.10     0.17
  MONTH TO DATE    0.00                      0.19  -0.19     0.53
  SINCE MAR 1      4.00                      5.36  -1.36     8.34
  SINCE JAN 1      8.10                     10.28  -2.18    14.56

SNOWFALL (IN)
  YESTERDAY        0.0           0.4  1961   0.1   -0.1      0.0
  MONTH TO DATE    0.0                       0.1   -0.1      0.0
  SINCE MAR 1     33.5                      25.8    7.7     51.3
  SINCE JUL 1    141.8                     108.3   33.5    150.7
  SNOW DEPTH       0

DEGREE DAYS
 HEATING
  YESTERDAY       13                        19     -6       16
  MONTH TO DATE   32                        38     -6       40
  SINCE MAR 1   2279                      2083    196     2408
  SINCE JUL 1   9020                      8804    216     9062

 COOLING
  YESTERDAY        0                         0      0        0
  MONTH TO DATE    0                         0      0        0
  SINCE MAR 1      0                         0      0        0
  SINCE JAN 1      0                         0      0        0
..................................................................


WIND (MPH)
  HIGHEST WIND SPEED    14   HIGHEST WIND DIRECTION    NE (30)
  HIGHEST GUST SPEED    18   HIGHEST GUST DIRECTION     N (10)
  AVERAGE WIND SPEED     6.5


SKY COVER
  POSSIBLE SUNSHINE  MM
  AVERAGE SKY COVER 0.2


WEATHER CONDITIONS
 THE FOLLOWING WEATHER WAS RECORDED YESTERDAY.
  NO SIGNIFICANT WEATHER WAS OBSERVED.


RELATIVE HUMIDITY (PERCENT)
 HIGHEST    89           500 AM
 LOWEST     26           500 PM
 AVERAGE    58

..........................................................


THE CARIBOU ME CLIMATE NORMALS FOR TODAY
                         NORMAL    RECORD    YEAR
 MAXIMUM TEMPERATURE (F)   57        87      2001
 MINIMUM TEMPERATURE (F)   37        23      1946


SUNRISE AND SUNSET
MAY  3 2015...........SUNRISE   514 AM EDT   SUNSET   745 PM EDT
MAY  4 2015...........SUNRISE   513 AM EDT   SUNSET   746 PM EDT


-  INDICATES NEGATIVE NUMBERS.
R  INDICATES RECORD WAS SET OR TIED.
MM INDICATES DATA IS MISSING.
T  INDICATES TRACE AMOUNT.

.........................................

THE CARIBOU ME 4 INCH SOIL TEMPERATURES FOR MAY 02 2015

MAXIMUM SOIL TEMPERATURE (F) 48
MINIMUM SOIL TEMPERATURE (F) 42



$$
