000
CDUS42 KMLB 012028
CLIDAB


CLIMATE REPORT
NATIONAL WEATHER SERVICE MELBOURNE FL
427 PM EDT FRI MAY 1 2015


...................................

...THE DAYTONA BEACH CLIMATE SUMMARY FOR MAY 1 2015...
VALID TODAY AS OF 400 PM LOCAL TIME.

CLIMATE NORMAL PERIOD 1981 TO 2010
CLIMATE RECORD PERIOD 1923 TO 2015


WEATHER ITEM   OBSERVED TIME   RECORD YEAR NORMAL DEPARTURE LAST
                VALUE   (LST)  VALUE       VALUE  FROM      YEAR
                                                  NORMAL
..................................................................
TEMPERATURE (F)
 TODAY
  MAXIMUM         82    141 PM  94    2002  82      0       89
  MINIMUM         60    610 AM  49    1965  62     -2       69
  AVERAGE         71                        72     -1       79

PRECIPITATION (IN)
  TODAY            0.00          2.00 1934   0.05  -0.05     0.40
  MONTH TO DATE    0.00                      0.05  -0.05     0.40
  SINCE MAR 1      6.29                      6.47  -0.18     9.46
  SINCE JAN 1     11.72                     11.99  -0.27    16.04

SNOWFALL (IN)
  TODAY            0.0
  MONTH TO DATE    0.0
  SINCE JUL 1      0.0

DEGREE DAYS
 HEATING
  TODAY            0                         0      0        0
  MONTH TO DATE    0                         0      0        0
  SINCE MAR 1     35                       125    -90       89
  SINCE JUL 1    682                       807   -125      602

 COOLING
  TODAY            6                         7     -1       14
  MONTH TO DATE    6                         7     -1       14
  SINCE MAR 1    511                       229    282      265
  SINCE JAN 1    551                       294    257      349
..................................................................


WIND (MPH)
  HIGHEST WIND SPEED    18   HIGHEST WIND DIRECTION    NW (330)
  HIGHEST GUST SPEED    24   HIGHEST GUST DIRECTION     W (290)
  AVERAGE WIND SPEED     8.2


SKY COVER
  AVERAGE SKY COVER 0.4


WEATHER CONDITIONS
 THE FOLLOWING WEATHER WAS RECORDED TODAY.
  NO SIGNIFICANT WEATHER WAS OBSERVED.


RELATIVE HUMIDITY (PERCENT)
 HIGHEST    90           400 AM
 LOWEST     33          1200 PM
 AVERAGE    62

..........................................................


THE DAYTONA BEACH CLIMATE NORMALS FOR TOMORROW
                         NORMAL    RECORD    YEAR
 MAXIMUM TEMPERATURE (F)   82        95      1953
 MINIMUM TEMPERATURE (F)   62        51      1965
                                             1945
                                             1925


SUNRISE AND SUNSET
MAY  1 2015...........SUNRISE   643 AM EDT   SUNSET   800 PM EDT
MAY  2 2015...........SUNRISE   642 AM EDT   SUNSET   801 PM EDT


-  INDICATES NEGATIVE NUMBERS.
R  INDICATES RECORD WAS SET OR TIED.
MM INDICATES DATA IS MISSING.
T  INDICATES TRACE AMOUNT.

&&

DAYTONA BEACH SURF TEMPERATURE 72

$$
