000
CDUS41 KALY 220623
CLIDDH


CLIMATE REPORT
NATIONAL WEATHER SERVICE ALBANY NY
222 AM EDT WED APR 22 2015


...................................

...THE BENNINGTON VT CLIMATE SUMMARY FOR APRIL 21 2015...

CLIMATE NORMAL PERIOD 1981 TO 2010
CLIMATE RECORD PERIOD 9999 TO 9999


WEATHER ITEM   OBSERVED TIME   NORMAL DEPARTURE LAST
                VALUE   (LST)  VALUE  FROM      YEAR
                                      NORMAL
......................................................
TEMPERATURE (F)
 YESTERDAY
  MAXIMUM         57    207 PM  59     -2       73
  MINIMUM         38    924 PM  36      2       32
  AVERAGE         48            48      0       53

PRECIPITATION (IN)
  YESTERDAY        0.52          0.09   0.43     0.00
  MONTH TO DATE    1.49          2.35  -0.86     0.99
  SINCE MAR 1      2.63          5.50  -2.87     3.14
  SINCE JAN 1      6.04         10.49  -4.45     9.00

DEGREE DAYS
 HEATING
  YESTERDAY       17            17      0       12
  MONTH TO DATE  431           446    -15      426
  SINCE MAR 1   1602          1430    172     1584
  SINCE JUL 1   7104          6681    423     6832

 COOLING
  YESTERDAY        0             0      0        0
  MONTH TO DATE    0             0      0        4
  SINCE MAR 1      0             0      0        4
  SINCE JAN 1      0             0      0        4
......................................................


WIND (MPH)
  HIGHEST WIND SPEED    16   HIGHEST WIND DIRECTION     W (290)
  HIGHEST GUST SPEED    25   HIGHEST GUST DIRECTION    SW (220)
  AVERAGE WIND SPEED     5.0


SKY COVER
  AVERAGE SKY COVER 0.7



RELATIVE HUMIDITY (PERCENT)
 HIGHEST    93           400 AM
 LOWEST     38           500 PM
 AVERAGE    66

..........................................................


THE BENNINGTON VT CLIMATE NORMALS FOR TODAY
                         NORMAL
 MAXIMUM TEMPERATURE (F)   60
 MINIMUM TEMPERATURE (F)   37


SUNRISE AND SUNSET
APRIL 22 2015.........SUNRISE   601 AM EDT   SUNSET   743 PM EDT
APRIL 23 2015.........SUNRISE   559 AM EDT   SUNSET   744 PM EDT


-  INDICATES NEGATIVE NUMBERS.
R  INDICATES RECORD WAS SET OR TIED.
MM INDICATES DATA IS MISSING.
T  INDICATES TRACE AMOUNT.




$$
