000
CDUS41 KALY 240629
CLIDDH


CLIMATE REPORT
NATIONAL WEATHER SERVICE ALBANY NY
229 AM EDT FRI APR 24 2015


...................................

...THE BENNINGTON VT CLIMATE SUMMARY FOR APRIL 23 2015...

CLIMATE NORMAL PERIOD 1981 TO 2010
CLIMATE RECORD PERIOD 9999 TO 9999


WEATHER ITEM   OBSERVED TIME   NORMAL DEPARTURE LAST
                VALUE   (LST)  VALUE  FROM      YEAR
                                      NORMAL
......................................................
TEMPERATURE (F)
 YESTERDAY
  MAXIMUM         43   1043 AM  60    -17       50
  MINIMUM         33   1008 PM  37     -4       41
  AVERAGE         38            48    -10       46

PRECIPITATION (IN)
  YESTERDAY        0.02          0.10  -0.08     0.02
  MONTH TO DATE    2.04          2.54  -0.50     1.08
  SINCE MAR 1      3.18          5.69  -2.51     3.23
  SINCE JAN 1      6.59         10.68  -4.09     9.09

DEGREE DAYS
 HEATING
  YESTERDAY       27            17     10       19
  MONTH TO DATE  478           480     -2      452
  SINCE MAR 1   1649          1464    185     1610
  SINCE JUL 1   7151          6715    436     6858

 COOLING
  YESTERDAY        0             0      0        0
  MONTH TO DATE    0             0      0        4
  SINCE MAR 1      0             0      0        4
  SINCE JAN 1      0             0      0        4
......................................................


WIND (MPH)
  HIGHEST WIND SPEED    20   HIGHEST WIND DIRECTION     W (260)
  HIGHEST GUST SPEED    32   HIGHEST GUST DIRECTION     W (270)
  AVERAGE WIND SPEED    10.0


SKY COVER
  AVERAGE SKY COVER 0.9



RELATIVE HUMIDITY (PERCENT)
 HIGHEST    85          1200 AM
 LOWEST     43           100 PM
 AVERAGE    64

..........................................................


THE BENNINGTON VT CLIMATE NORMALS FOR TODAY
                         NORMAL
 MAXIMUM TEMPERATURE (F)   60
 MINIMUM TEMPERATURE (F)   37


SUNRISE AND SUNSET
APRIL 24 2015.........SUNRISE   558 AM EDT   SUNSET   745 PM EDT
APRIL 25 2015.........SUNRISE   556 AM EDT   SUNSET   747 PM EDT


-  INDICATES NEGATIVE NUMBERS.
R  INDICATES RECORD WAS SET OR TIED.
MM INDICATES DATA IS MISSING.
T  INDICATES TRACE AMOUNT.




$$
