000
CDUS41 KALY 030624
CLIDDH


CLIMATE REPORT
NATIONAL WEATHER SERVICE ALBANY NY
223 AM EDT SUN MAY 3 2015


...................................

...THE BENNINGTON VT CLIMATE SUMMARY FOR MAY 2 2015...

CLIMATE NORMAL PERIOD 1981 TO 2010
CLIMATE RECORD PERIOD 9999 TO 9999


WEATHER ITEM   OBSERVED TIME   NORMAL DEPARTURE LAST
                VALUE   (LST)  VALUE  FROM      YEAR
                                      NORMAL
......................................................
TEMPERATURE (F)
 YESTERDAY
  MAXIMUM         74    304 PM  63     11       61
  MINIMUM         35    524 AM  40     -5       37
  AVERAGE         55            51      4       49

PRECIPITATION (IN)
  YESTERDAY        0.00          0.09  -0.09     0.01
  MONTH TO DATE    0.00          0.19  -0.19     0.09
  SINCE MAR 1      3.18          6.61  -3.43     4.70
  SINCE JAN 1      6.59         11.60  -5.01    10.56

DEGREE DAYS
 HEATING
  YESTERDAY       10            14     -4       16
  MONTH TO DATE   24            28     -4       21
  SINCE MAR 1   1804          1600    204     1766
  SINCE JUL 1   7306          6851    455     7014

 COOLING
  YESTERDAY        0             0      0        0
  MONTH TO DATE    0             0      0        0
  SINCE MAR 1      0             3     -3        4
  SINCE JAN 1      0             3     -3        4
......................................................


WIND (MPH)
  HIGHEST WIND SPEED    15   HIGHEST WIND DIRECTION     W (280)
  HIGHEST GUST SPEED    20   HIGHEST GUST DIRECTION     W (280)
  AVERAGE WIND SPEED     3.0


SKY COVER
  AVERAGE SKY COVER 0.3



RELATIVE HUMIDITY (PERCENT)
 HIGHEST    92           200 AM
 LOWEST     22           300 PM
 AVERAGE    57

..........................................................


THE BENNINGTON VT CLIMATE NORMALS FOR TODAY
                         NORMAL
 MAXIMUM TEMPERATURE (F)   63
 MINIMUM TEMPERATURE (F)   40


SUNRISE AND SUNSET
MAY  3 2015...........SUNRISE   545 AM EDT   SUNSET   756 PM EDT
MAY  4 2015...........SUNRISE   543 AM EDT   SUNSET   757 PM EDT


-  INDICATES NEGATIVE NUMBERS.
R  INDICATES RECORD WAS SET OR TIED.
MM INDICATES DATA IS MISSING.
T  INDICATES TRACE AMOUNT.




$$
