000
CDUS41 KALY 130623
CLIDDH


CLIMATE REPORT
NATIONAL WEATHER SERVICE ALBANY NY
222 AM EDT MON APR 13 2015


...................................

...THE BENNINGTON VT CLIMATE SUMMARY FOR APRIL 12 2015...

CLIMATE NORMAL PERIOD 1981 TO 2010
CLIMATE RECORD PERIOD 9999 TO 9999


WEATHER ITEM   OBSERVED TIME   NORMAL DEPARTURE LAST
                VALUE   (LST)  VALUE  FROM      YEAR
                                      NORMAL
......................................................
TEMPERATURE (F)
 YESTERDAY
  MAXIMUM         65    437 PM  55     10       65
  MINIMUM         24    521 AM  33     -9       32
  AVERAGE         45            44      1       49

PRECIPITATION (IN)
  YESTERDAY        0.00          0.11  -0.11     0.00
  MONTH TO DATE    0.76          1.47  -0.71     0.30
  SINCE MAR 1      1.90          4.62  -2.72     2.45
  SINCE JAN 1      5.31          9.61  -4.30     8.31

DEGREE DAYS
 HEATING
  YESTERDAY       20            21     -1       16
  MONTH TO DATE  292           277     15      258
  SINCE MAR 1   1463          1261    202     1416
  SINCE JUL 1   6965          6512    453     6664

 COOLING
  YESTERDAY        0             0      0        0
  MONTH TO DATE    0             0      0        0
  SINCE MAR 1      0             0      0        0
  SINCE JAN 1      0             0      0        0
......................................................


WIND (MPH)
  HIGHEST WIND SPEED    13   HIGHEST WIND DIRECTION     W (260)
  HIGHEST GUST SPEED    19   HIGHEST GUST DIRECTION    NW (320)
  AVERAGE WIND SPEED     4.1


SKY COVER
  AVERAGE SKY COVER 0.0



RELATIVE HUMIDITY (PERCENT)
 HIGHEST    92           200 AM
 LOWEST     24           500 PM
 AVERAGE    58

..........................................................


THE BENNINGTON VT CLIMATE NORMALS FOR TODAY
                         NORMAL
 MAXIMUM TEMPERATURE (F)   56
 MINIMUM TEMPERATURE (F)   34


SUNRISE AND SUNSET
APRIL 13 2015.........SUNRISE   615 AM EDT   SUNSET   733 PM EDT
APRIL 14 2015.........SUNRISE   614 AM EDT   SUNSET   734 PM EDT


-  INDICATES NEGATIVE NUMBERS.
R  INDICATES RECORD WAS SET OR TIED.
MM INDICATES DATA IS MISSING.
T  INDICATES TRACE AMOUNT.




$$
