000
CDUS41 KALY 010631
CLIDDH


CLIMATE REPORT
NATIONAL WEATHER SERVICE ALBANY NY
231 AM EDT FRI MAY 1 2015


...................................

...THE BENNINGTON VT CLIMATE SUMMARY FOR APRIL 30 2015...

CLIMATE NORMAL PERIOD 1981 TO 2010
CLIMATE RECORD PERIOD 9999 TO 9999


WEATHER ITEM   OBSERVED TIME   NORMAL DEPARTURE LAST
                VALUE   (LST)  VALUE  FROM      YEAR
                                      NORMAL
......................................................
TEMPERATURE (F)
 YESTERDAY
  MAXIMUM         63    449 PM  63      0       49
  MINIMUM         38    522 AM  39     -1       39
  AVERAGE         51            51      0       44

PRECIPITATION (IN)
  YESTERDAY        0.00          0.12  -0.12     0.57
  MONTH TO DATE    2.04          3.27  -1.23     2.46
  SINCE MAR 1      3.18          6.42  -3.24     4.61
  SINCE JAN 1      6.59         11.41  -4.82    10.47

DEGREE DAYS
 HEATING
  YESTERDAY       14            15     -1       21
  MONTH TO DATE  609           588     21      587
  SINCE MAR 1   1780          1572    208     1745
  SINCE JUL 1   7282          6823    459     6993

 COOLING
  YESTERDAY        0             0      0        0
  MONTH TO DATE    0             3     -3        4
  SINCE MAR 1      0             3     -3        4
  SINCE JAN 1      0             3     -3        4
......................................................


WIND (MPH)
  HIGHEST WIND SPEED    13   HIGHEST WIND DIRECTION    SE (130)
  HIGHEST GUST SPEED    23   HIGHEST GUST DIRECTION    NE (30)
  AVERAGE WIND SPEED     2.8


SKY COVER
  AVERAGE SKY COVER 0.7



RELATIVE HUMIDITY (PERCENT)
 HIGHEST    79           500 AM
 LOWEST     39           500 PM
 AVERAGE    59

..........................................................


THE BENNINGTON VT CLIMATE NORMALS FOR TODAY
                         NORMAL
 MAXIMUM TEMPERATURE (F)   63
 MINIMUM TEMPERATURE (F)   39


SUNRISE AND SUNSET
MAY  1 2015...........SUNRISE   548 AM EDT   SUNSET   753 PM EDT
MAY  2 2015...........SUNRISE   546 AM EDT   SUNSET   755 PM EDT


-  INDICATES NEGATIVE NUMBERS.
R  INDICATES RECORD WAS SET OR TIED.
MM INDICATES DATA IS MISSING.
T  INDICATES TRACE AMOUNT.




$$
