000
CDUS41 KALY 182047
CLIDDH


CLIMATE REPORT
NATIONAL WEATHER SERVICE ALBANY NY
447 PM EDT SAT APR 18 2015


...................................

...THE BENNINGTON VT CLIMATE SUMMARY FOR APRIL 18 2015...
VALID TODAY AS OF 0400 PM LOCAL TIME.

CLIMATE NORMAL PERIOD 1981 TO 2010
CLIMATE RECORD PERIOD 9999 TO 9999


WEATHER ITEM   OBSERVED TIME   NORMAL DEPARTURE LAST
                VALUE   (LST)  VALUE  FROM      YEAR
                                      NORMAL
......................................................
TEMPERATURE (F)
 TODAY
  MAXIMUM         72    301 PM  58     14       51
  MINIMUM         35    605 AM  35      0       25
  AVERAGE         54            47      7       38

PRECIPITATION (IN)
  TODAY            0.00          0.10  -0.10     0.00
  MONTH TO DATE    0.86          2.07  -1.21     0.99
  SINCE MAR 1      2.00          5.22  -3.22     3.14
  SINCE JAN 1      5.41         10.21  -4.80     9.00

DEGREE DAYS
 HEATING
  TODAY           11            18     -7       27
  MONTH TO DATE  378           393    -15      372
  SINCE MAR 1   1549          1377    172     1530
  SINCE JUL 1   7051          6628    423     6778

 COOLING
  TODAY            0             0      0        0
  MONTH TO DATE    0             0      0        4
  SINCE MAR 1      0             0      0        4
  SINCE JAN 1      0             0      0        4
......................................................


WIND (MPH)
  HIGHEST WIND SPEED    24   HIGHEST WIND DIRECTION     W (270)
  HIGHEST GUST SPEED    37   HIGHEST GUST DIRECTION     W (280)
  AVERAGE WIND SPEED     4.5


SKY COVER
  AVERAGE SKY COVER 0.4



RELATIVE HUMIDITY (PERCENT)
 HIGHEST   100
 LOWEST     27
 AVERAGE    64

..........................................................


THE BENNINGTON VT CLIMATE NORMALS FOR TOMORROW
                         NORMAL
 MAXIMUM TEMPERATURE (F)   58
 MINIMUM TEMPERATURE (F)   36


SUNRISE AND SUNSET
APRIL 18 2015.........SUNRISE   607 AM EDT   SUNSET   739 PM EDT
APRIL 19 2015.........SUNRISE   605 AM EDT   SUNSET   740 PM EDT


-  INDICATES NEGATIVE NUMBERS.
R  INDICATES RECORD WAS SET OR TIED.
MM INDICATES DATA IS MISSING.
T  INDICATES TRACE AMOUNT.




$$
