000
CDUS41 KALY 150622
CLIDDH


CLIMATE REPORT
NATIONAL WEATHER SERVICE ALBANY NY
221 AM EDT WED APR 15 2015


...................................

...THE BENNINGTON VT CLIMATE SUMMARY FOR APRIL 14 2015...

CLIMATE NORMAL PERIOD 1981 TO 2010
CLIMATE RECORD PERIOD 9999 TO 9999


WEATHER ITEM   OBSERVED TIME   NORMAL DEPARTURE LAST
                VALUE   (LST)  VALUE  FROM      YEAR
                                      NORMAL
......................................................
TEMPERATURE (F)
 YESTERDAY
  MAXIMUM         64    114 PM  56      8       76
  MINIMUM         38   1150 PM  34      4       61
  AVERAGE         51            45      6       69

PRECIPITATION (IN)
  YESTERDAY        T             0.10  -0.10     0.00
  MONTH TO DATE    0.76          1.68  -0.92     0.38
  SINCE MAR 1      1.90          4.83  -2.93     2.53
  SINCE JAN 1      5.31          9.82  -4.51     8.39

DEGREE DAYS
 HEATING
  YESTERDAY       14            20     -6        0
  MONTH TO DATE  318           317      1      263
  SINCE MAR 1   1489          1301    188     1421
  SINCE JUL 1   6991          6552    439     6669

 COOLING
  YESTERDAY        0             0      0        4
  MONTH TO DATE    0             0      0        4
  SINCE MAR 1      0             0      0        4
  SINCE JAN 1      0             0      0        4
......................................................


WIND (MPH)
  HIGHEST WIND SPEED    22   HIGHEST WIND DIRECTION     W (270)
  HIGHEST GUST SPEED    31   HIGHEST GUST DIRECTION     W (260)
  AVERAGE WIND SPEED     8.7


SKY COVER
  AVERAGE SKY COVER 0.3



RELATIVE HUMIDITY (PERCENT)
 HIGHEST    77           500 AM
 LOWEST     22           100 PM
 AVERAGE    50

..........................................................


THE BENNINGTON VT CLIMATE NORMALS FOR TODAY
                         NORMAL
 MAXIMUM TEMPERATURE (F)   57
 MINIMUM TEMPERATURE (F)   34


SUNRISE AND SUNSET
APRIL 15 2015.........SUNRISE   612 AM EDT   SUNSET   735 PM EDT
APRIL 16 2015.........SUNRISE   610 AM EDT   SUNSET   736 PM EDT


-  INDICATES NEGATIVE NUMBERS.
R  INDICATES RECORD WAS SET OR TIED.
MM INDICATES DATA IS MISSING.
T  INDICATES TRACE AMOUNT.




$$
