000
CDUS41 KALY 080626
CLIDDH


CLIMATE REPORT
NATIONAL WEATHER SERVICE ALBANY NY
226 AM EDT WED APR 8 2015


...................................

...THE BENNINGTON VT CLIMATE SUMMARY FOR APRIL 7 2015...

CLIMATE NORMAL PERIOD 1981 TO 2010
CLIMATE RECORD PERIOD 9999 TO 9999


WEATHER ITEM   OBSERVED TIME   NORMAL DEPARTURE LAST
                VALUE   (LST)  VALUE  FROM      YEAR
                                      NORMAL
......................................................
TEMPERATURE (F)
 YESTERDAY
  MAXIMUM         48    347 PM  53     -5       58
  MINIMUM         34   1159 PM  31      3       26
  AVERAGE         41            42     -1       42

PRECIPITATION (IN)
  YESTERDAY        0.01          0.11  -0.10      T
  MONTH TO DATE    0.37          0.87  -0.50     0.21
  SINCE MAR 1      1.51          4.02  -2.51     2.36
  SINCE JAN 1      4.92          9.01  -4.09     8.22

DEGREE DAYS
 HEATING
  YESTERDAY       24            23      1       23
  MONTH TO DATE  173           169      4      168
  SINCE MAR 1   1344          1153    191     1326
  SINCE JUL 1   6846          6404    442     6574

 COOLING
  YESTERDAY        0             0      0        0
  MONTH TO DATE    0             0      0        0
  SINCE MAR 1      0             0      0        0
  SINCE JAN 1      0             0      0        0
......................................................


WIND (MPH)
  HIGHEST WIND SPEED     7   HIGHEST WIND DIRECTION     N (20)
  HIGHEST GUST SPEED    10   HIGHEST GUST DIRECTION    NE (30)
  AVERAGE WIND SPEED     2.6


SKY COVER
  AVERAGE SKY COVER 0.9



RELATIVE HUMIDITY (PERCENT)
 HIGHEST    85           600 AM
 LOWEST     65           200 PM
 AVERAGE    75

..........................................................


THE BENNINGTON VT CLIMATE NORMALS FOR TODAY
                         NORMAL
 MAXIMUM TEMPERATURE (F)   54
 MINIMUM TEMPERATURE (F)   32


SUNRISE AND SUNSET
APRIL  8 2015.........SUNRISE   624 AM EDT   SUNSET   727 PM EDT
APRIL  9 2015.........SUNRISE   622 AM EDT   SUNSET   728 PM EDT


-  INDICATES NEGATIVE NUMBERS.
R  INDICATES RECORD WAS SET OR TIED.
MM INDICATES DATA IS MISSING.
T  INDICATES TRACE AMOUNT.




$$
