000
CDUS41 KALY 060627
CLIDDH


CLIMATE REPORT
NATIONAL WEATHER SERVICE ALBANY NY
227 AM EDT MON APR 6 2015


...................................

...THE BENNINGTON VT CLIMATE SUMMARY FOR APRIL 5 2015...

CLIMATE NORMAL PERIOD 1981 TO 2010
CLIMATE RECORD PERIOD 9999 TO 9999


WEATHER ITEM   OBSERVED TIME   NORMAL DEPARTURE LAST
                VALUE   (LST)  VALUE  FROM      YEAR
                                      NORMAL
......................................................
TEMPERATURE (F)
 YESTERDAY
  MAXIMUM         37    318 PM  52    -15       44
  MINIMUM         31    619 AM  30      1       34
  AVERAGE         34            41     -7       39

PRECIPITATION (IN)
  YESTERDAY        0.00          0.13  -0.13     0.02
  MONTH TO DATE    0.36          0.64  -0.28     0.21
  SINCE MAR 1      1.50          3.79  -2.29     2.36
  SINCE JAN 1      4.91          8.78  -3.87     8.22

DEGREE DAYS
 HEATING
  YESTERDAY       31            24      7       26
  MONTH TO DATE  128           123      5      121
  SINCE MAR 1   1299          1107    192     1279
  SINCE JUL 1   6801          6358    443     6527

 COOLING
  YESTERDAY        0             0      0        0
  MONTH TO DATE    0             0      0        0
  SINCE MAR 1      0             0      0        0
  SINCE JAN 1      0             0      0        0
......................................................


WIND (MPH)
  HIGHEST WIND SPEED    22   HIGHEST WIND DIRECTION     W (280)
  HIGHEST GUST SPEED    31   HIGHEST GUST DIRECTION     W (290)
  AVERAGE WIND SPEED     7.1


SKY COVER
  AVERAGE SKY COVER 0.8



RELATIVE HUMIDITY (PERCENT)
 HIGHEST    72           100 AM
 LOWEST     27          1100 AM
 AVERAGE    50

..........................................................


THE BENNINGTON VT CLIMATE NORMALS FOR TODAY
                         NORMAL
 MAXIMUM TEMPERATURE (F)   53
 MINIMUM TEMPERATURE (F)   31


SUNRISE AND SUNSET
APRIL  6 2015.........SUNRISE   627 AM EDT   SUNSET   725 PM EDT
APRIL  7 2015.........SUNRISE   625 AM EDT   SUNSET   726 PM EDT


-  INDICATES NEGATIVE NUMBERS.
R  INDICATES RECORD WAS SET OR TIED.
MM INDICATES DATA IS MISSING.
T  INDICATES TRACE AMOUNT.




$$
