000
CDUS41 KALY 050621
CLIDDH


CLIMATE REPORT
NATIONAL WEATHER SERVICE ALBANY NY
221 AM EDT SUN APR 5 2015


...................................

...THE BENNINGTON VT CLIMATE SUMMARY FOR APRIL 4 2015...

CLIMATE NORMAL PERIOD 1981 TO 2010
CLIMATE RECORD PERIOD 9999 TO 9999


WEATHER ITEM   OBSERVED TIME   NORMAL DEPARTURE LAST
                VALUE   (LST)  VALUE  FROM      YEAR
                                      NORMAL
......................................................
TEMPERATURE (F)
 YESTERDAY
  MAXIMUM         43    200 PM  52     -9       49
  MINIMUM         31   1027 PM  30      1       35
  AVERAGE         37            41     -4       42

PRECIPITATION (IN)
  YESTERDAY        0.29          0.12   0.17     0.19
  MONTH TO DATE    0.36          0.51  -0.15     0.19
  SINCE MAR 1      1.50          3.66  -2.16     2.34
  SINCE JAN 1      4.91          8.65  -3.74     8.20

DEGREE DAYS
 HEATING
  YESTERDAY       28            24      4       23
  MONTH TO DATE   97            99     -2       95
  SINCE MAR 1   1268          1083    185     1253
  SINCE JUL 1   6770          6334    436     6501

 COOLING
  YESTERDAY        0             0      0        0
  MONTH TO DATE    0             0      0        0
  SINCE MAR 1      0             0      0        0
  SINCE JAN 1      0             0      0        0
......................................................


WIND (MPH)
  HIGHEST WIND SPEED    24   HIGHEST WIND DIRECTION     W (270)
  HIGHEST GUST SPEED    40   HIGHEST GUST DIRECTION     W (260)
  AVERAGE WIND SPEED    10.1


SKY COVER
  AVERAGE SKY COVER 0.7



RELATIVE HUMIDITY (PERCENT)
 HIGHEST    93           100 AM
 LOWEST     30           500 PM
 AVERAGE    62

..........................................................


THE BENNINGTON VT CLIMATE NORMALS FOR TODAY
                         NORMAL
 MAXIMUM TEMPERATURE (F)   52
 MINIMUM TEMPERATURE (F)   30


SUNRISE AND SUNSET
APRIL  5 2015.........SUNRISE   629 AM EDT   SUNSET   724 PM EDT
APRIL  6 2015.........SUNRISE   627 AM EDT   SUNSET   725 PM EDT


-  INDICATES NEGATIVE NUMBERS.
R  INDICATES RECORD WAS SET OR TIED.
MM INDICATES DATA IS MISSING.
T  INDICATES TRACE AMOUNT.




$$
