000
CDUS41 KALY 170630
CLIDDH


CLIMATE REPORT
NATIONAL WEATHER SERVICE ALBANY NY
229 AM EDT FRI APR 17 2015


...................................

...THE BENNINGTON VT CLIMATE SUMMARY FOR APRIL 16 2015...

CLIMATE NORMAL PERIOD 1981 TO 2010
CLIMATE RECORD PERIOD 9999 TO 9999


WEATHER ITEM   OBSERVED TIME   NORMAL DEPARTURE LAST
                VALUE   (LST)  VALUE  FROM      YEAR
                                      NORMAL
......................................................
TEMPERATURE (F)
 YESTERDAY
  MAXIMUM         70    355 PM  57     13       38
  MINIMUM         25    544 AM  35    -10       22
  AVERAGE         48            46      2       30

PRECIPITATION (IN)
  YESTERDAY        0.00          0.10  -0.10     0.00
  MONTH TO DATE    0.76          1.88  -1.12     0.99
  SINCE MAR 1      1.90          5.03  -3.13     3.14
  SINCE JAN 1      5.31         10.02  -4.71     9.00

DEGREE DAYS
 HEATING
  YESTERDAY       17            19     -2       35
  MONTH TO DATE  354           356     -2      316
  SINCE MAR 1   1525          1340    185     1474
  SINCE JUL 1   7027          6591    436     6722

 COOLING
  YESTERDAY        0             0      0        0
  MONTH TO DATE    0             0      0        4
  SINCE MAR 1      0             0      0        4
  SINCE JAN 1      0             0      0        4
......................................................


WIND (MPH)
  HIGHEST WIND SPEED    15   HIGHEST WIND DIRECTION     S (170)
  HIGHEST GUST SPEED    20   HIGHEST GUST DIRECTION     S (170)
  AVERAGE WIND SPEED     5.0


SKY COVER
  AVERAGE SKY COVER 0.0



RELATIVE HUMIDITY (PERCENT)
 HIGHEST    75           200 AM
 LOWEST     12           200 PM
 AVERAGE    44

..........................................................


THE BENNINGTON VT CLIMATE NORMALS FOR TODAY
                         NORMAL
 MAXIMUM TEMPERATURE (F)   58
 MINIMUM TEMPERATURE (F)   35


SUNRISE AND SUNSET
APRIL 17 2015.........SUNRISE   609 AM EDT   SUNSET   737 PM EDT
APRIL 18 2015.........SUNRISE   607 AM EDT   SUNSET   739 PM EDT


-  INDICATES NEGATIVE NUMBERS.
R  INDICATES RECORD WAS SET OR TIED.
MM INDICATES DATA IS MISSING.
T  INDICATES TRACE AMOUNT.




$$
