000
CDUS41 KALY 140622
CLIDDH


CLIMATE REPORT
NATIONAL WEATHER SERVICE ALBANY NY
222 AM EDT TUE APR 14 2015


...................................

...THE BENNINGTON VT CLIMATE SUMMARY FOR APRIL 13 2015...

CLIMATE NORMAL PERIOD 1981 TO 2010
CLIMATE RECORD PERIOD 9999 TO 9999


WEATHER ITEM   OBSERVED TIME   NORMAL DEPARTURE LAST
                VALUE   (LST)  VALUE  FROM      YEAR
                                      NORMAL
......................................................
TEMPERATURE (F)
 YESTERDAY
  MAXIMUM         75    219 PM  56     19       75
  MINIMUM         31    540 AM  34     -3       45
  AVERAGE         53            45      8       60

PRECIPITATION (IN)
  YESTERDAY        0.00          0.11  -0.11     0.08
  MONTH TO DATE    0.76          1.58  -0.82     0.38
  SINCE MAR 1      1.90          4.73  -2.83     2.53
  SINCE JAN 1      5.31          9.72  -4.41     8.39

DEGREE DAYS
 HEATING
  YESTERDAY       12            20     -8        5
  MONTH TO DATE  304           297      7      263
  SINCE MAR 1   1475          1281    194     1421
  SINCE JUL 1   6977          6532    445     6669

 COOLING
  YESTERDAY        0             0      0        0
  MONTH TO DATE    0             0      0        0
  SINCE MAR 1      0             0      0        0
  SINCE JAN 1      0             0      0        0
......................................................


WIND (MPH)
  HIGHEST WIND SPEED    26   HIGHEST WIND DIRECTION     S (180)
  HIGHEST GUST SPEED    37   HIGHEST GUST DIRECTION     S (190)
  AVERAGE WIND SPEED     8.6


SKY COVER
  AVERAGE SKY COVER 0.0



RELATIVE HUMIDITY (PERCENT)
 HIGHEST    85           500 AM
 LOWEST     26          1100 AM
 AVERAGE    56

..........................................................


THE BENNINGTON VT CLIMATE NORMALS FOR TODAY
                         NORMAL
 MAXIMUM TEMPERATURE (F)   56
 MINIMUM TEMPERATURE (F)   34


SUNRISE AND SUNSET
APRIL 14 2015.........SUNRISE   614 AM EDT   SUNSET   734 PM EDT
APRIL 15 2015.........SUNRISE   612 AM EDT   SUNSET   735 PM EDT


-  INDICATES NEGATIVE NUMBERS.
R  INDICATES RECORD WAS SET OR TIED.
MM INDICATES DATA IS MISSING.
T  INDICATES TRACE AMOUNT.




$$
