000
CDUS41 KALY 290623
CLIDDH


CLIMATE REPORT
NATIONAL WEATHER SERVICE ALBANY NY
223 AM EDT WED APR 29 2015


...................................

...THE BENNINGTON VT CLIMATE SUMMARY FOR APRIL 28 2015...

CLIMATE NORMAL PERIOD 1981 TO 2010
CLIMATE RECORD PERIOD 9999 TO 9999


WEATHER ITEM   OBSERVED TIME   NORMAL DEPARTURE LAST
                VALUE   (LST)  VALUE  FROM      YEAR
                                      NORMAL
......................................................
TEMPERATURE (F)
 YESTERDAY
  MAXIMUM         60    333 PM  62     -2       60
  MINIMUM         38   1130 PM  39     -1       33
  AVERAGE         49            50     -1       47

PRECIPITATION (IN)
  YESTERDAY        0.00          0.11  -0.11     0.00
  MONTH TO DATE    2.04          3.04  -1.00     1.83
  SINCE MAR 1      3.18          6.19  -3.01     3.98
  SINCE JAN 1      6.59         11.18  -4.59     9.84

DEGREE DAYS
 HEATING
  YESTERDAY       16            15      1       18
  MONTH TO DATE  581           558     23      548
  SINCE MAR 1   1752          1542    210     1706
  SINCE JUL 1   7254          6793    461     6954

 COOLING
  YESTERDAY        0             0      0        0
  MONTH TO DATE    0             0      0        4
  SINCE MAR 1      0             0      0        4
  SINCE JAN 1      0             0      0        4
......................................................


WIND (MPH)
  HIGHEST WIND SPEED    24   HIGHEST WIND DIRECTION     N (360)
  HIGHEST GUST SPEED    32   HIGHEST GUST DIRECTION     N (350)
  AVERAGE WIND SPEED     8.9


SKY COVER
  AVERAGE SKY COVER 0.3



RELATIVE HUMIDITY (PERCENT)
 HIGHEST    82           400 AM
 LOWEST     37           200 PM
 AVERAGE    60

..........................................................


THE BENNINGTON VT CLIMATE NORMALS FOR TODAY
                         NORMAL
 MAXIMUM TEMPERATURE (F)   62
 MINIMUM TEMPERATURE (F)   39


SUNRISE AND SUNSET
APRIL 29 2015.........SUNRISE   550 AM EDT   SUNSET   751 PM EDT
APRIL 30 2015.........SUNRISE   549 AM EDT   SUNSET   752 PM EDT


-  INDICATES NEGATIVE NUMBERS.
R  INDICATES RECORD WAS SET OR TIED.
MM INDICATES DATA IS MISSING.
T  INDICATES TRACE AMOUNT.




$$
