000
CDUS41 KALY 090624
CLIDDH


CLIMATE REPORT
NATIONAL WEATHER SERVICE ALBANY NY
222 AM EDT THU APR 9 2015


...................................

...THE BENNINGTON VT CLIMATE SUMMARY FOR APRIL 8 2015...

CLIMATE NORMAL PERIOD 1981 TO 2010
CLIMATE RECORD PERIOD 9999 TO 9999


WEATHER ITEM   OBSERVED TIME   NORMAL DEPARTURE LAST
                VALUE   (LST)  VALUE  FROM      YEAR
                                      NORMAL
......................................................
TEMPERATURE (F)
 YESTERDAY
  MAXIMUM         41   1231 PM  54    -13       63
  MINIMUM         32    105 AM  32      0       39
  AVERAGE         37            43     -6       51

PRECIPITATION (IN)
  YESTERDAY        0.09          0.13  -0.04     0.03
  MONTH TO DATE    0.46          1.00  -0.54     0.24
  SINCE MAR 1      1.60          4.15  -2.55     2.39
  SINCE JAN 1      5.01          9.14  -4.13     8.25

DEGREE DAYS
 HEATING
  YESTERDAY       28            22      6       14
  MONTH TO DATE  201           191     10      182
  SINCE MAR 1   1372          1175    197     1340
  SINCE JUL 1   6874          6426    448     6588

 COOLING
  YESTERDAY        0             0      0        0
  MONTH TO DATE    0             0      0        0
  SINCE MAR 1      0             0      0        0
  SINCE JAN 1      0             0      0        0
......................................................


WIND (MPH)
  HIGHEST WIND SPEED    18   HIGHEST WIND DIRECTION    SE (120)
  HIGHEST GUST SPEED    25   HIGHEST GUST DIRECTION     E (110)
  AVERAGE WIND SPEED     8.6


SKY COVER
  AVERAGE SKY COVER 0.8



RELATIVE HUMIDITY (PERCENT)
 HIGHEST    75           900 PM
 LOWEST     34           900 AM
 AVERAGE    55

..........................................................


THE BENNINGTON VT CLIMATE NORMALS FOR TODAY
                         NORMAL
 MAXIMUM TEMPERATURE (F)   54
 MINIMUM TEMPERATURE (F)   32


SUNRISE AND SUNSET
APRIL  9 2015.........SUNRISE   622 AM EDT   SUNSET   728 PM EDT
APRIL 10 2015.........SUNRISE   620 AM EDT   SUNSET   729 PM EDT


-  INDICATES NEGATIVE NUMBERS.
R  INDICATES RECORD WAS SET OR TIED.
MM INDICATES DATA IS MISSING.
T  INDICATES TRACE AMOUNT.




$$
