000
CDUS41 KALY 230624
CLIDDH


CLIMATE REPORT
NATIONAL WEATHER SERVICE ALBANY NY
223 AM EDT THU APR 23 2015


...................................

...THE BENNINGTON VT CLIMATE SUMMARY FOR APRIL 22 2015...

CLIMATE NORMAL PERIOD 1981 TO 2010
CLIMATE RECORD PERIOD 9999 TO 9999


WEATHER ITEM   OBSERVED TIME   NORMAL DEPARTURE LAST
                VALUE   (LST)  VALUE  FROM      YEAR
                                      NORMAL
......................................................
TEMPERATURE (F)
 YESTERDAY
  MAXIMUM         59    108 PM  60     -1       71
  MINIMUM         31    515 AM  37     -6       44
  AVERAGE         45            48     -3       58

PRECIPITATION (IN)
  YESTERDAY        0.53          0.09   0.44     0.07
  MONTH TO DATE    2.02          2.44  -0.42     1.06
  SINCE MAR 1      3.16          5.59  -2.43     3.21
  SINCE JAN 1      6.57         10.58  -4.01     9.07

DEGREE DAYS
 HEATING
  YESTERDAY       20            17      3        7
  MONTH TO DATE  451           463    -12      433
  SINCE MAR 1   1622          1447    175     1591
  SINCE JUL 1   7124          6698    426     6839

 COOLING
  YESTERDAY        0             0      0        0
  MONTH TO DATE    0             0      0        4
  SINCE MAR 1      0             0      0        4
  SINCE JAN 1      0             0      0        4
......................................................


WIND (MPH)
  HIGHEST WIND SPEED    23   HIGHEST WIND DIRECTION    SW (220)
  HIGHEST GUST SPEED    36   HIGHEST GUST DIRECTION     S (200)
  AVERAGE WIND SPEED     6.7


SKY COVER
  AVERAGE SKY COVER 0.7



RELATIVE HUMIDITY (PERCENT)
 HIGHEST    96           600 AM
 LOWEST     36          1100 AM
 AVERAGE    66

..........................................................


THE BENNINGTON VT CLIMATE NORMALS FOR TODAY
                         NORMAL
 MAXIMUM TEMPERATURE (F)   60
 MINIMUM TEMPERATURE (F)   37


SUNRISE AND SUNSET
APRIL 23 2015.........SUNRISE   559 AM EDT   SUNSET   744 PM EDT
APRIL 24 2015.........SUNRISE   558 AM EDT   SUNSET   745 PM EDT


-  INDICATES NEGATIVE NUMBERS.
R  INDICATES RECORD WAS SET OR TIED.
MM INDICATES DATA IS MISSING.
T  INDICATES TRACE AMOUNT.




$$
