000
CDUS41 KALY 020623
CLIDDH


CLIMATE REPORT
NATIONAL WEATHER SERVICE ALBANY NY
222 AM EDT SAT MAY 2 2015


...................................

...THE BENNINGTON VT CLIMATE SUMMARY FOR MAY 1 2015...

CLIMATE NORMAL PERIOD 1981 TO 2010
CLIMATE RECORD PERIOD 9999 TO 9999


WEATHER ITEM   OBSERVED TIME   NORMAL DEPARTURE LAST
                VALUE   (LST)  VALUE  FROM      YEAR
                                      NORMAL
......................................................
TEMPERATURE (F)
 YESTERDAY
  MAXIMUM         61    346 PM  63     -2       72
  MINIMUM         41   1158 PM  39      2       48
  AVERAGE         51            51      0       60

PRECIPITATION (IN)
  YESTERDAY        0.00          0.10  -0.10     0.08
  MONTH TO DATE    0.00          0.10  -0.10     0.08
  SINCE MAR 1      3.18          6.52  -3.34     4.69
  SINCE JAN 1      6.59         11.51  -4.92    10.55

DEGREE DAYS
 HEATING
  YESTERDAY       14            14      0        5
  MONTH TO DATE   14            14      0        5
  SINCE MAR 1   1794          1586    208     1750
  SINCE JUL 1   7296          6837    459     6998

 COOLING
  YESTERDAY        0             0      0        0
  MONTH TO DATE    0             0      0        0
  SINCE MAR 1      0             3     -3        4
  SINCE JAN 1      0             3     -3        4
......................................................


WIND (MPH)
  HIGHEST WIND SPEED    12   HIGHEST WIND DIRECTION     E (100)
  HIGHEST GUST SPEED    17   HIGHEST GUST DIRECTION     E (100)
  AVERAGE WIND SPEED     4.4


SKY COVER
  AVERAGE SKY COVER 0.8



RELATIVE HUMIDITY (PERCENT)
 HIGHEST    77           800 PM
 LOWEST     46           300 PM
 AVERAGE    62

..........................................................


THE BENNINGTON VT CLIMATE NORMALS FOR TODAY
                         NORMAL
 MAXIMUM TEMPERATURE (F)   63
 MINIMUM TEMPERATURE (F)   40


SUNRISE AND SUNSET
MAY  2 2015...........SUNRISE   546 AM EDT   SUNSET   755 PM EDT
MAY  3 2015...........SUNRISE   545 AM EDT   SUNSET   756 PM EDT


-  INDICATES NEGATIVE NUMBERS.
R  INDICATES RECORD WAS SET OR TIED.
MM INDICATES DATA IS MISSING.
T  INDICATES TRACE AMOUNT.




$$
