000
CDUS41 KALY 280622
CLIDDH


CLIMATE REPORT
NATIONAL WEATHER SERVICE ALBANY NY
221 AM EDT TUE APR 28 2015


...................................

...THE BENNINGTON VT CLIMATE SUMMARY FOR APRIL 27 2015...

CLIMATE NORMAL PERIOD 1981 TO 2010
CLIMATE RECORD PERIOD 9999 TO 9999


WEATHER ITEM   OBSERVED TIME   NORMAL DEPARTURE LAST
                VALUE   (LST)  VALUE  FROM      YEAR
                                      NORMAL
......................................................
TEMPERATURE (F)
 YESTERDAY
  MAXIMUM         53    204 PM  61     -8       48
  MINIMUM         43    631 AM  38      5       40
  AVERAGE         48            50     -2       44

PRECIPITATION (IN)
  YESTERDAY        T             0.10  -0.10     0.06
  MONTH TO DATE    2.04          2.93  -0.89     1.83
  SINCE MAR 1      3.18          6.08  -2.90     3.98
  SINCE JAN 1      6.59         11.07  -4.48     9.84

DEGREE DAYS
 HEATING
  YESTERDAY       17            15      2       21
  MONTH TO DATE  565           543     22      530
  SINCE MAR 1   1736          1527    209     1688
  SINCE JUL 1   7238          6778    460     6936

 COOLING
  YESTERDAY        0             0      0        0
  MONTH TO DATE    0             0      0        4
  SINCE MAR 1      0             0      0        4
  SINCE JAN 1      0             0      0        4
......................................................


WIND (MPH)
  HIGHEST WIND SPEED    21   HIGHEST WIND DIRECTION     N (10)
  HIGHEST GUST SPEED    29   HIGHEST GUST DIRECTION     N (10)
  AVERAGE WIND SPEED     9.5


SKY COVER
  AVERAGE SKY COVER 1.0



RELATIVE HUMIDITY (PERCENT)
 HIGHEST    77           900 PM
 LOWEST     50           100 PM
 AVERAGE    64

..........................................................


THE BENNINGTON VT CLIMATE NORMALS FOR TODAY
                         NORMAL
 MAXIMUM TEMPERATURE (F)   62
 MINIMUM TEMPERATURE (F)   39


SUNRISE AND SUNSET
APRIL 28 2015.........SUNRISE   552 AM EDT   SUNSET   750 PM EDT
APRIL 29 2015.........SUNRISE   550 AM EDT   SUNSET   751 PM EDT


-  INDICATES NEGATIVE NUMBERS.
R  INDICATES RECORD WAS SET OR TIED.
MM INDICATES DATA IS MISSING.
T  INDICATES TRACE AMOUNT.




$$
