000
CDUS41 KALY 300628
CLIDDH


CLIMATE REPORT
NATIONAL WEATHER SERVICE ALBANY NY
227 AM EDT THU APR 30 2015


...................................

...THE BENNINGTON VT CLIMATE SUMMARY FOR APRIL 29 2015...

CLIMATE NORMAL PERIOD 1981 TO 2010
CLIMATE RECORD PERIOD 9999 TO 9999


WEATHER ITEM   OBSERVED TIME   NORMAL DEPARTURE LAST
                VALUE   (LST)  VALUE  FROM      YEAR
                                      NORMAL
......................................................
TEMPERATURE (F)
 YESTERDAY
  MAXIMUM         69    152 PM  62      7       53
  MINIMUM         33    507 AM  39     -6       40
  AVERAGE         51            50      1       47

PRECIPITATION (IN)
  YESTERDAY        0.00          0.11  -0.11     0.06
  MONTH TO DATE    2.04          3.15  -1.11     1.89
  SINCE MAR 1      3.18          6.30  -3.12     4.04
  SINCE JAN 1      6.59         11.29  -4.70     9.90

DEGREE DAYS
 HEATING
  YESTERDAY       14            15     -1       18
  MONTH TO DATE  595           573     22      566
  SINCE MAR 1   1766          1557    209     1724
  SINCE JUL 1   7268          6808    460     6972

 COOLING
  YESTERDAY        0             0      0        0
  MONTH TO DATE    0             0      0        4
  SINCE MAR 1      0             0      0        4
  SINCE JAN 1      0             0      0        4
......................................................


WIND (MPH)
  HIGHEST WIND SPEED    18   HIGHEST WIND DIRECTION     N (340)
  HIGHEST GUST SPEED    29   HIGHEST GUST DIRECTION     N (360)
  AVERAGE WIND SPEED     5.4


SKY COVER
  AVERAGE SKY COVER 0.3



RELATIVE HUMIDITY (PERCENT)
 HIGHEST    96           200 AM
 LOWEST     30           200 PM
 AVERAGE    63

..........................................................


THE BENNINGTON VT CLIMATE NORMALS FOR TODAY
                         NORMAL
 MAXIMUM TEMPERATURE (F)   63
 MINIMUM TEMPERATURE (F)   39


SUNRISE AND SUNSET
APRIL 30 2015.........SUNRISE   549 AM EDT   SUNSET   752 PM EDT
MAY  1 2015...........SUNRISE   548 AM EDT   SUNSET   753 PM EDT


-  INDICATES NEGATIVE NUMBERS.
R  INDICATES RECORD WAS SET OR TIED.
MM INDICATES DATA IS MISSING.
T  INDICATES TRACE AMOUNT.




$$
