000
CDUS41 KALY 120622
CLIDDH


CLIMATE REPORT
NATIONAL WEATHER SERVICE ALBANY NY
221 AM EDT SUN APR 12 2015


...................................

...THE BENNINGTON VT CLIMATE SUMMARY FOR APRIL 11 2015...

CLIMATE NORMAL PERIOD 1981 TO 2010
CLIMATE RECORD PERIOD 9999 TO 9999


WEATHER ITEM   OBSERVED TIME   NORMAL DEPARTURE LAST
                VALUE   (LST)  VALUE  FROM      YEAR
                                      NORMAL
......................................................
TEMPERATURE (F)
 YESTERDAY
  MAXIMUM         48    109 AM  55     -7       64
  MINIMUM         30   1159 PM  33     -3       36
  AVERAGE         39            44     -5       50

PRECIPITATION (IN)
  YESTERDAY        0.00          0.12  -0.12     0.06
  MONTH TO DATE    0.76          1.36  -0.60     0.30
  SINCE MAR 1      1.90          4.51  -2.61     2.45
  SINCE JAN 1      5.31          9.50  -4.19     8.31

DEGREE DAYS
 HEATING
  YESTERDAY       26            21      5       15
  MONTH TO DATE  272           256     16      242
  SINCE MAR 1   1443          1240    203     1400
  SINCE JUL 1   6945          6491    454     6648

 COOLING
  YESTERDAY        0             0      0        0
  MONTH TO DATE    0             0      0        0
  SINCE MAR 1      0             0      0        0
  SINCE JAN 1      0             0      0        0
......................................................


WIND (MPH)
  HIGHEST WIND SPEED    26   HIGHEST WIND DIRECTION     W (280)
  HIGHEST GUST SPEED    37   HIGHEST GUST DIRECTION     W (280)
  AVERAGE WIND SPEED    10.9


SKY COVER
  AVERAGE SKY COVER 0.7



RELATIVE HUMIDITY (PERCENT)
 HIGHEST    70           500 AM
 LOWEST     49           100 PM
 AVERAGE    60

..........................................................


THE BENNINGTON VT CLIMATE NORMALS FOR TODAY
                         NORMAL
 MAXIMUM TEMPERATURE (F)   55
 MINIMUM TEMPERATURE (F)   33


SUNRISE AND SUNSET
APRIL 12 2015.........SUNRISE   617 AM EDT   SUNSET   732 PM EDT
APRIL 13 2015.........SUNRISE   615 AM EDT   SUNSET   733 PM EDT


-  INDICATES NEGATIVE NUMBERS.
R  INDICATES RECORD WAS SET OR TIED.
MM INDICATES DATA IS MISSING.
T  INDICATES TRACE AMOUNT.




$$
