000
CDUS41 KALY 200626
CLIDDH


CLIMATE REPORT
NATIONAL WEATHER SERVICE ALBANY NY
225 AM EDT MON APR 20 2015


...................................

...THE BENNINGTON VT CLIMATE SUMMARY FOR APRIL 19 2015...

CLIMATE NORMAL PERIOD 1981 TO 2010
CLIMATE RECORD PERIOD 9999 TO 9999


WEATHER ITEM   OBSERVED TIME   NORMAL DEPARTURE LAST
                VALUE   (LST)  VALUE  FROM      YEAR
                                      NORMAL
......................................................
TEMPERATURE (F)
 YESTERDAY
  MAXIMUM         63    501 PM  58      5       57
  MINIMUM         28    523 AM  36     -8       31
  AVERAGE         46            47     -1       44

PRECIPITATION (IN)
  YESTERDAY        0.00          0.09  -0.09     0.00
  MONTH TO DATE    0.86          2.16  -1.30     0.99
  SINCE MAR 1      2.00          5.31  -3.31     3.14
  SINCE JAN 1      5.41         10.30  -4.89     9.00

DEGREE DAYS
 HEATING
  YESTERDAY       19            18      1       21
  MONTH TO DATE  397           411    -14      393
  SINCE MAR 1   1568          1395    173     1551
  SINCE JUL 1   7070          6646    424     6799

 COOLING
  YESTERDAY        0             0      0        0
  MONTH TO DATE    0             0      0        4
  SINCE MAR 1      0             0      0        4
  SINCE JAN 1      0             0      0        4
......................................................


WIND (MPH)
  HIGHEST WIND SPEED    18   HIGHEST WIND DIRECTION    SE (130)
  HIGHEST GUST SPEED    26   HIGHEST GUST DIRECTION    SE (130)
  AVERAGE WIND SPEED     4.1


SKY COVER
  AVERAGE SKY COVER 0.0



RELATIVE HUMIDITY (PERCENT)
 HIGHEST    92           600 AM
 LOWEST     25           300 PM
 AVERAGE    59

..........................................................


THE BENNINGTON VT CLIMATE NORMALS FOR TODAY
                         NORMAL
 MAXIMUM TEMPERATURE (F)   59
 MINIMUM TEMPERATURE (F)   36


SUNRISE AND SUNSET
APRIL 20 2015.........SUNRISE   604 AM EDT   SUNSET   741 PM EDT
APRIL 21 2015.........SUNRISE   602 AM EDT   SUNSET   742 PM EDT


-  INDICATES NEGATIVE NUMBERS.
R  INDICATES RECORD WAS SET OR TIED.
MM INDICATES DATA IS MISSING.
T  INDICATES TRACE AMOUNT.




$$
