000
CDUS41 KALY 160625
CLIDDH


CLIMATE REPORT
NATIONAL WEATHER SERVICE ALBANY NY
224 AM EDT THU APR 16 2015


...................................

...THE BENNINGTON VT CLIMATE SUMMARY FOR APRIL 15 2015...

CLIMATE NORMAL PERIOD 1981 TO 2010
CLIMATE RECORD PERIOD 9999 TO 9999


WEATHER ITEM   OBSERVED TIME   NORMAL DEPARTURE LAST
                VALUE   (LST)  VALUE  FROM      YEAR
                                      NORMAL
......................................................
TEMPERATURE (F)
 YESTERDAY
  MAXIMUM         64    205 PM  57      7       66
  MINIMUM         28    549 AM  34     -6       28
  AVERAGE         46            46      0       47

PRECIPITATION (IN)
  YESTERDAY        0.00          0.10  -0.10     0.61
  MONTH TO DATE    0.76          1.78  -1.02     0.99
  SINCE MAR 1      1.90          4.93  -3.03     3.14
  SINCE JAN 1      5.31          9.92  -4.61     9.00

DEGREE DAYS
 HEATING
  YESTERDAY       19            20     -1       18
  MONTH TO DATE  337           337      0      281
  SINCE MAR 1   1508          1321    187     1439
  SINCE JUL 1   7010          6572    438     6687

 COOLING
  YESTERDAY        0             0      0        0
  MONTH TO DATE    0             0      0        4
  SINCE MAR 1      0             0      0        4
  SINCE JAN 1      0             0      0        4
......................................................


WIND (MPH)
  HIGHEST WIND SPEED    20   HIGHEST WIND DIRECTION     N (340)
  HIGHEST GUST SPEED    28   HIGHEST GUST DIRECTION    NW (310)
  AVERAGE WIND SPEED     5.7


SKY COVER
  AVERAGE SKY COVER 0.0



RELATIVE HUMIDITY (PERCENT)
 HIGHEST    85           600 AM
 LOWEST     19           200 PM
 AVERAGE    52

..........................................................


THE BENNINGTON VT CLIMATE NORMALS FOR TODAY
                         NORMAL
 MAXIMUM TEMPERATURE (F)   57
 MINIMUM TEMPERATURE (F)   35


SUNRISE AND SUNSET
APRIL 16 2015.........SUNRISE   610 AM EDT   SUNSET   736 PM EDT
APRIL 17 2015.........SUNRISE   609 AM EDT   SUNSET   737 PM EDT


-  INDICATES NEGATIVE NUMBERS.
R  INDICATES RECORD WAS SET OR TIED.
MM INDICATES DATA IS MISSING.
T  INDICATES TRACE AMOUNT.




$$
