000
CDUS41 KALY 070622
CLIDDH


CLIMATE REPORT
NATIONAL WEATHER SERVICE ALBANY NY
222 AM EDT TUE APR 7 2015


...................................

...THE BENNINGTON VT CLIMATE SUMMARY FOR APRIL 6 2015...

CLIMATE NORMAL PERIOD 1981 TO 2010
CLIMATE RECORD PERIOD 9999 TO 9999


WEATHER ITEM   OBSERVED TIME   NORMAL DEPARTURE LAST
                VALUE   (LST)  VALUE  FROM      YEAR
                                      NORMAL
......................................................
TEMPERATURE (F)
 YESTERDAY
  MAXIMUM         59    344 PM  53      6       52
  MINIMUM         28    114 AM  31     -3       29
  AVERAGE         44            42      2       41

PRECIPITATION (IN)
  YESTERDAY        T             0.12  -0.12     0.00
  MONTH TO DATE    0.36          0.76  -0.40     0.21
  SINCE MAR 1      1.50          3.91  -2.41     2.36
  SINCE JAN 1      4.91          8.90  -3.99     8.22

DEGREE DAYS
 HEATING
  YESTERDAY       21            23     -2       24
  MONTH TO DATE  149           146      3      145
  SINCE MAR 1   1320          1130    190     1303
  SINCE JUL 1   6822          6381    441     6551

 COOLING
  YESTERDAY        0             0      0        0
  MONTH TO DATE    0             0      0        0
  SINCE MAR 1      0             0      0        0
  SINCE JAN 1      0             0      0        0
......................................................


WIND (MPH)
  HIGHEST WIND SPEED    16   HIGHEST WIND DIRECTION     S (190)
  HIGHEST GUST SPEED    20   HIGHEST GUST DIRECTION    SE (150)
  AVERAGE WIND SPEED     3.3


SKY COVER
  AVERAGE SKY COVER 0.8



RELATIVE HUMIDITY (PERCENT)
 HIGHEST    85           100 AM
 LOWEST     37           300 PM
 AVERAGE    61

..........................................................


THE BENNINGTON VT CLIMATE NORMALS FOR TODAY
                         NORMAL
 MAXIMUM TEMPERATURE (F)   53
 MINIMUM TEMPERATURE (F)   31


SUNRISE AND SUNSET
APRIL  7 2015.........SUNRISE   625 AM EDT   SUNSET   726 PM EDT
APRIL  8 2015.........SUNRISE   624 AM EDT   SUNSET   727 PM EDT


-  INDICATES NEGATIVE NUMBERS.
R  INDICATES RECORD WAS SET OR TIED.
MM INDICATES DATA IS MISSING.
T  INDICATES TRACE AMOUNT.




$$
