000
CXUS51 KALY 010842
CLMDDH


CLIMATE REPORT
NATIONAL WEATHER SERVICE ALBANY NY
441 AM EDT WED APR 1 2015

...................................

...THE BENNINGTON VT CLIMATE SUMMARY FOR THE MONTH OF MARCH 2015...

CLIMATE NORMAL PERIOD 1981 TO 2010
CLIMATE RECORD PERIOD 9999 TO 9999

WEATHER         OBSERVED          NORMAL  DEPART  LAST YEAR`S
                 VALUE   DATE(S)  VALUE   FROM    VALUE  DATE(S)
                                          NORMAL
................................................................
TEMPERATURE (F)
HIGHEST            50   03/26                         52  03/29
                        03/25
                        03/10
LOWEST            -11R  03/06                         -8  03/04
AVG. MAXIMUM     37.1              43.8    -6.7     35.6
AVG. MINIMUM     16.8              22.7    -5.9     14.1
MEAN             27.0              33.3    -6.3     24.8
DAYS MAX >= 90      0               0.0     0.0        0
DAYS MAX <= 32     10               4.0     6.0       11
DAYS MIN <= 32     30              25.8     4.2       27
DAYS MIN <= 0       3               0.6     2.4        4

PRECIPITATION (INCHES)
TOTALS           1.14              3.15   -2.01     2.15
DAILY AVG.       0.04              0.10   -0.06     0.07
DAYS >= .01        12                                  7
DAYS >= .10         4                                  3
DAYS >= .50         0                                  2
DAYS >= 1.00        0                                  0
GREATEST
 24 HR. TOTAL    0.43   03/26 TO 03/26

DEGREE_DAYS
HEATING TOTAL    1171               984     187     1158
 SINCE 7/1       6673              6235     438     6406
COOLING TOTAL       0                 0       0        0
 SINCE 1/1          0                 0       0        0

FREEZE DATES
EARLIEST                        10/01
LATEST                          05/10
.................................................................

WIND (MPH)
AVERAGE WIND SPEED              6.0
HIGHEST WIND SPEED/DIRECTION    29/340    DATE  03/17
HIGHEST GUST SPEED/DIRECTION    40/310    DATE  03/17

SKY COVER
AVERAGE SKY COVER           0.50

AVERAGE RH (PERCENT)     62

WEATHER CONDITIONS. NUMBER OF DAYS WITH
THUNDERSTORM              0     MIXED PRECIP               0
HEAVY RAIN                0     RAIN                       1
LIGHT RAIN                7     FREEZING RAIN              0
LT FREEZING RAIN          1     HAIL                       0
HEAVY SNOW                0     SNOW                       2
LIGHT SNOW               11     SLEET                      0
FOG                      14     FOG W/VIS <= 1/4 MILE      5
HAZE                     11

-  INDICATES NEGATIVE NUMBERS.
R  INDICATES RECORD WAS SET OR TIED.
MM INDICATES DATA IS MISSING.
T  INDICATES TRACE AMOUNT.

$$
