000
CDUS41 KOKX 220617
CLIEWR


CLIMATE REPORT
NATIONAL WEATHER SERVICE NEW YORK NY
216 AM EDT WED APR 22 2015


...................................

...THE NEWARK NJ CLIMATE SUMMARY FOR APRIL 21 2015...

CLIMATE NORMAL PERIOD 1981 TO 2010
CLIMATE RECORD PERIOD 1929 TO 2015


WEATHER ITEM   OBSERVED TIME   RECORD YEAR NORMAL DEPARTURE LAST
                VALUE   (LST)  VALUE       VALUE  FROM      YEAR
                                                  NORMAL
..................................................................
TEMPERATURE (F)
 YESTERDAY
  MAXIMUM         68    312 PM  88    1957  64      4       64
  MINIMUM         52   1159 PM  31    1981  46      6       37
  AVERAGE         60                        55      5       51

PRECIPITATION (IN)
  YESTERDAY        0.21          2.50 1991   0.14   0.07     0.00
  MONTH TO DATE    1.61                      3.01  -1.40     1.96
  SINCE MAR 1      6.24                      7.19  -0.95     5.61
  SINCE JAN 1     12.72                     13.61  -0.89    13.33

SNOWFALL (IN)
  YESTERDAY        0.0           0.0  2001   0.0    0.0      0.0
  MONTH TO DATE    0.0                       0.8   -0.8      0.4
  SINCE OCT 1     46.4                      28.4   18.0     61.1
  SINCE JUL 1     46.4                      28.4   18.0     61.1
  SNOW DEPTH       0

DEGREE DAYS
 HEATING
  YESTERDAY        5                        11     -6       14
  MONTH TO DATE  230                       295    -65      281
  SINCE MAR 1   1069                      1004     65     1115
  SINCE JUL 1   4972                      4639    333     4990

 COOLING
  YESTERDAY        0                         0      0        0
  MONTH TO DATE    3                         0      3        8
  SINCE MAR 1      3                         1      2        8
  SINCE JAN 1      3                         1      2        8
..................................................................


WIND (MPH)
  HIGHEST WIND SPEED    25   HIGHEST WIND DIRECTION     W (280)
  HIGHEST GUST SPEED    33   HIGHEST GUST DIRECTION     W (250)
  AVERAGE WIND SPEED    11.2


SKY COVER
  AVERAGE SKY COVER 0.6


WEATHER CONDITIONS
 THE FOLLOWING WEATHER WAS RECORDED YESTERDAY.
  THUNDERSTORM
  RAIN
  LIGHT RAIN
  FOG


RELATIVE HUMIDITY (PERCENT)
 HIGHEST   100           300 AM
 LOWEST     23           600 PM
 AVERAGE    62

..........................................................


THE NEWARK NJ CLIMATE NORMALS FOR TODAY
                         NORMAL    RECORD    YEAR
 MAXIMUM TEMPERATURE (F)   65        87      1985
 MINIMUM TEMPERATURE (F)   46        32      1947


SUNRISE AND SUNSET
APRIL 22 2015.........SUNRISE   608 AM EDT   SUNSET   743 PM EDT
APRIL 23 2015.........SUNRISE   607 AM EDT   SUNSET   744 PM EDT


-  INDICATES NEGATIVE NUMBERS.
R  INDICATES RECORD WAS SET OR TIED.
MM INDICATES DATA IS MISSING.
T  INDICATES TRACE AMOUNT.




$$
