000
CDUS41 KOKX 110618
CLIEWR


CLIMATE REPORT
NATIONAL WEATHER SERVICE NEW YORK NY
218 AM EDT SAT APR 11 2015


...................................

...THE NEWARK NJ CLIMATE SUMMARY FOR APRIL 10 2015...

CLIMATE NORMAL PERIOD 1981 TO 2010
CLIMATE RECORD PERIOD 1929 TO 2015


WEATHER ITEM   OBSERVED TIME   RECORD YEAR NORMAL DEPARTURE LAST
                VALUE   (LST)  VALUE       VALUE  FROM      YEAR
                                                  NORMAL
..................................................................
TEMPERATURE (F)
 YESTERDAY
  MAXIMUM         57    851 PM  82    1955  60     -3       64
  MINIMUM         40    328 AM  28    1997  42     -2       38
  AVERAGE         49                        51     -2       51

PRECIPITATION (IN)
  YESTERDAY        0.19          2.57 1983   0.15   0.04     0.00
  MONTH TO DATE    0.39                      1.47  -1.08     1.17
  SINCE MAR 1      5.02                      5.65  -0.63     4.82
  SINCE JAN 1     11.50                     12.07  -0.57    12.54

SNOWFALL (IN)
  YESTERDAY        0.0           0.3  1974   0.0    0.0      0.0
  MONTH TO DATE    0.0                       0.5   -0.5      0.0
  SINCE OCT 1     46.4                      28.1   18.3     60.7
  SINCE JUL 1     46.4                      28.1   18.3     60.7
  SNOW DEPTH       0

DEGREE DAYS
 HEATING
  YESTERDAY       16                        14      2       14
  MONTH TO DATE  154                       159     -5      151
  SINCE MAR 1    993                       868    125      985
  SINCE JUL 1   4896                      4503    393     4860

 COOLING
  YESTERDAY        0                         0      0        0
  MONTH TO DATE    0                         0      0        0
  SINCE MAR 1      0                         1     -1        0
  SINCE JAN 1      0                         1     -1        0
..................................................................


WIND (MPH)
  HIGHEST WIND SPEED    18   HIGHEST WIND DIRECTION    SW (230)
  HIGHEST GUST SPEED    23   HIGHEST GUST DIRECTION    SW (220)
  AVERAGE WIND SPEED     8.1


SKY COVER
  AVERAGE SKY COVER 0.7


WEATHER CONDITIONS
 THE FOLLOWING WEATHER WAS RECORDED YESTERDAY.
  THUNDERSTORM
  HEAVY RAIN
  LIGHT RAIN
  FOG


RELATIVE HUMIDITY (PERCENT)
 HIGHEST   100           900 AM
 LOWEST     80           500 PM
 AVERAGE    90

..........................................................


THE NEWARK NJ CLIMATE NORMALS FOR TODAY
                         NORMAL    RECORD    YEAR
 MAXIMUM TEMPERATURE (F)   60        87      2011
 MINIMUM TEMPERATURE (F)   42        29      1976
                                             1938


SUNRISE AND SUNSET
APRIL 11 2015.........SUNRISE   625 AM EDT   SUNSET   732 PM EDT
APRIL 12 2015.........SUNRISE   623 AM EDT   SUNSET   733 PM EDT


-  INDICATES NEGATIVE NUMBERS.
R  INDICATES RECORD WAS SET OR TIED.
MM INDICATES DATA IS MISSING.
T  INDICATES TRACE AMOUNT.




$$
