000
CDUS41 KOKX 130623
CLIEWR


CLIMATE REPORT
NATIONAL WEATHER SERVICE NEW YORK NY
222 AM EDT MON APR 13 2015


...................................

...THE NEWARK NJ CLIMATE SUMMARY FOR APRIL 12 2015...

CLIMATE NORMAL PERIOD 1981 TO 2010
CLIMATE RECORD PERIOD 1929 TO 2015


WEATHER ITEM   OBSERVED TIME   RECORD YEAR NORMAL DEPARTURE LAST
                VALUE   (LST)  VALUE       VALUE  FROM      YEAR
                                                  NORMAL
..................................................................
TEMPERATURE (F)
 YESTERDAY
  MAXIMUM         68    232 PM  90    1977  61      7       74
  MINIMUM         40    446 AM  27    1976  43     -3       50
                                      1940
  AVERAGE         54                        52      2       62

PRECIPITATION (IN)
  YESTERDAY        0.00          2.50 1933   0.15  -0.15     0.00
  MONTH TO DATE    0.39                      1.77  -1.38     1.17
  SINCE MAR 1      5.02                      5.95  -0.93     4.82
  SINCE JAN 1     11.50                     12.37  -0.87    12.54

SNOWFALL (IN)
  YESTERDAY        0.0           1.1  1959   0.1   -0.1      0.0
  MONTH TO DATE    0.0                       0.6   -0.6      0.0
  SINCE OCT 1     46.4                      28.2   18.2     60.7
  SINCE JUL 1     46.4                      28.2   18.2     60.7
  SNOW DEPTH       0

DEGREE DAYS
 HEATING
  YESTERDAY       11                        14     -3        3
  MONTH TO DATE  177                       187    -10      154
  SINCE MAR 1   1016                       896    120      988
  SINCE JUL 1   4919                      4531    388     4863

 COOLING
  YESTERDAY        0                         0      0        0
  MONTH TO DATE    0                         0      0        0
  SINCE MAR 1      0                         1     -1        0
  SINCE JAN 1      0                         1     -1        0
..................................................................


WIND (MPH)
  HIGHEST WIND SPEED    15   HIGHEST WIND DIRECTION    SE (150)
  HIGHEST GUST SPEED    18   HIGHEST GUST DIRECTION    SW (230)
  AVERAGE WIND SPEED     4.7


SKY COVER
  AVERAGE SKY COVER 0.2


WEATHER CONDITIONS
 THE FOLLOWING WEATHER WAS RECORDED YESTERDAY.
  NO SIGNIFICANT WEATHER WAS OBSERVED.


RELATIVE HUMIDITY (PERCENT)
 HIGHEST    63           800 PM
 LOWEST     21           200 PM
 AVERAGE    42

..........................................................


THE NEWARK NJ CLIMATE NORMALS FOR TODAY
                         NORMAL    RECORD    YEAR
 MAXIMUM TEMPERATURE (F)   61        86      1977
 MINIMUM TEMPERATURE (F)   43        26      1940


SUNRISE AND SUNSET
APRIL 13 2015.........SUNRISE   622 AM EDT   SUNSET   734 PM EDT
APRIL 14 2015.........SUNRISE   620 AM EDT   SUNSET   735 PM EDT


-  INDICATES NEGATIVE NUMBERS.
R  INDICATES RECORD WAS SET OR TIED.
MM INDICATES DATA IS MISSING.
T  INDICATES TRACE AMOUNT.




$$
