000
CDUS41 KOKX 070616
CLIEWR


CLIMATE REPORT
NATIONAL WEATHER SERVICE NEW YORK NY
216 AM EDT TUE APR 7 2015


...................................

...THE NEWARK NJ CLIMATE SUMMARY FOR APRIL 6 2015...

CLIMATE NORMAL PERIOD 1981 TO 2010
CLIMATE RECORD PERIOD 1929 TO 2015


WEATHER ITEM   OBSERVED TIME   RECORD YEAR NORMAL DEPARTURE LAST
                VALUE   (LST)  VALUE       VALUE  FROM      YEAR
                                                  NORMAL
..................................................................
TEMPERATURE (F)
 YESTERDAY
  MAXIMUM         63    156 PM  80    1947  58      5       62
  MINIMUM         41    604 AM  17    1982  41      0       35
  AVERAGE         52                        49      3       49

PRECIPITATION (IN)
  YESTERDAY        0.00          1.85 1958   0.14  -0.14     0.00
  MONTH TO DATE    0.05                      0.88  -0.83     0.37
  SINCE MAR 1      4.68                      5.06  -0.38     4.02
  SINCE JAN 1     11.16                     11.48  -0.32    11.74

SNOWFALL (IN)
  YESTERDAY        0.0          12.8  1982   0.0    0.0      0.0
  MONTH TO DATE    0.0                       0.3   -0.3      0.0
  SINCE OCT 1     46.4                      27.9   18.5     60.7
  SINCE JUL 1     46.4                      27.9   18.5     60.7
  SNOW DEPTH       0

DEGREE DAYS
 HEATING
  YESTERDAY       13                        16     -3       16
  MONTH TO DATE   79                       100    -21       99
  SINCE MAR 1    918                       809    109      933
  SINCE JUL 1   4821                      4444    377     4808

 COOLING
  YESTERDAY        0                         0      0        0
  MONTH TO DATE    0                         0      0        0
  SINCE MAR 1      0                         1     -1        0
  SINCE JAN 1      0                         1     -1        0
..................................................................


WIND (MPH)
  HIGHEST WIND SPEED    14   HIGHEST WIND DIRECTION     S (160)
  HIGHEST GUST SPEED    17   HIGHEST GUST DIRECTION     E (70)
  AVERAGE WIND SPEED     5.6


SKY COVER
  AVERAGE SKY COVER 0.5


WEATHER CONDITIONS
 THE FOLLOWING WEATHER WAS RECORDED YESTERDAY.
  NO SIGNIFICANT WEATHER WAS OBSERVED.


RELATIVE HUMIDITY (PERCENT)
 HIGHEST    76           400 AM
 LOWEST     36           100 PM
 AVERAGE    56

..........................................................


THE NEWARK NJ CLIMATE NORMALS FOR TODAY
                         NORMAL    RECORD    YEAR
 MAXIMUM TEMPERATURE (F)   59        92      2010
 MINIMUM TEMPERATURE (F)   41        16      1982


SUNRISE AND SUNSET
APRIL  7 2015.........SUNRISE   631 AM EDT   SUNSET   727 PM EDT
APRIL  8 2015.........SUNRISE   629 AM EDT   SUNSET   728 PM EDT


-  INDICATES NEGATIVE NUMBERS.
R  INDICATES RECORD WAS SET OR TIED.
MM INDICATES DATA IS MISSING.
T  INDICATES TRACE AMOUNT.




$$
