000
CDUS41 KOKX 210641
CLIEWR


CLIMATE REPORT
NATIONAL WEATHER SERVICE NEW YORK NY
241 AM EDT SAT MAR 21 2015


...................................

...THE NEWARK NJ CLIMATE SUMMARY FOR MARCH 20 2015...

CLIMATE NORMAL PERIOD 1981 TO 2010
CLIMATE RECORD PERIOD 1929 TO 2015


WEATHER ITEM   OBSERVED TIME   RECORD YEAR NORMAL DEPARTURE LAST
                VALUE   (LST)  VALUE       VALUE  FROM      YEAR
                                                  NORMAL
..................................................................
TEMPERATURE (F)
 YESTERDAY
  MAXIMUM         38   1057 AM  85    1945  52    -14       55
  MINIMUM         29   1159 PM  15    1949  35     -6       40
  AVERAGE         34                        43     -9       48

PRECIPITATION (IN)
  YESTERDAY        0.36          1.75 1958   0.14   0.22     0.00
  MONTH TO DATE    3.81                      2.59   1.22     0.89
  SINCE MAR 1      3.81                      2.59   1.22     0.89
  SINCE JAN 1     10.29                      9.01   1.28     8.61

SNOWFALL (IN)
  YESTERDAY        3.6           9.5  1958   0.1    3.5      0.0
  MONTH TO DATE   16.0                       3.6   12.4      0.2
  SINCE OCT 1     46.1                      26.6   19.5     60.7
  SINCE JUL 1     46.1                      26.6   19.5     60.7
  SNOW DEPTH       0

DEGREE DAYS
 HEATING
  YESTERDAY       31                        22      9       17
  MONTH TO DATE  564                       493     71      570
  SINCE MAR 1    564                       493     71      570
  SINCE JUL 1   4467                      4128    339     4445

 COOLING
  YESTERDAY        0                         0      0        0
  MONTH TO DATE    0                         0      0        0
  SINCE MAR 1      0                         0      0        0
  SINCE JAN 1      0                         0      0        0
..................................................................


WIND (MPH)
  HIGHEST WIND SPEED    16   HIGHEST WIND DIRECTION     N (20)
  HIGHEST GUST SPEED    20   HIGHEST GUST DIRECTION    NE (30)
  AVERAGE WIND SPEED     8.8


SKY COVER
  AVERAGE SKY COVER 1.0


WEATHER CONDITIONS
 THE FOLLOWING WEATHER WAS RECORDED YESTERDAY.
  SNOW
  LIGHT SNOW
  FOG


RELATIVE HUMIDITY (PERCENT)
 HIGHEST    96           300 PM
 LOWEST     23           500 AM
 AVERAGE    60

..........................................................


THE NEWARK NJ CLIMATE NORMALS FOR TODAY
                         NORMAL    RECORD    YEAR
 MAXIMUM TEMPERATURE (F)   52        76      1938
 MINIMUM TEMPERATURE (F)   35        16      1986


SUNRISE AND SUNSET
MARCH 21 2015.........SUNRISE   659 AM EDT   SUNSET   710 PM EDT
MARCH 22 2015.........SUNRISE   657 AM EDT   SUNSET   711 PM EDT


-  INDICATES NEGATIVE NUMBERS.
R  INDICATES RECORD WAS SET OR TIED.
MM INDICATES DATA IS MISSING.
T  INDICATES TRACE AMOUNT.




$$
