000
CDUS41 KOKX 160641
CLIEWR


CLIMATE REPORT
NATIONAL WEATHER SERVICE NEW YORK NY
241 AM EDT THU APR 16 2015


...................................

...THE NEWARK NJ CLIMATE SUMMARY FOR APRIL 15 2015...

CLIMATE NORMAL PERIOD 1981 TO 2010
CLIMATE RECORD PERIOD 1929 TO 2015


WEATHER ITEM   OBSERVED TIME   RECORD YEAR NORMAL DEPARTURE LAST
                VALUE   (LST)  VALUE       VALUE  FROM      YEAR
                                                  NORMAL
..................................................................
TEMPERATURE (F)
 YESTERDAY
  MAXIMUM         73    404 PM  88    1960  62     11       67
  MINIMUM         50    238 AM  25    1943  44      6       33
  AVERAGE         62                        53      9       50

PRECIPITATION (IN)
  YESTERDAY        0.00          6.18 2007   0.14  -0.14     0.78
  MONTH TO DATE    0.39                      2.20  -1.81     1.95
  SINCE MAR 1      5.02                      6.38  -1.36     5.60
  SINCE JAN 1     11.50                     12.80  -1.30    13.32

SNOWFALL (IN)
  YESTERDAY        0.0           0.3  2014   0.1   -0.1      0.3
  MONTH TO DATE    0.0                       0.7   -0.7      0.3
  SINCE OCT 1     46.4                      28.3   18.1     61.0
  SINCE JUL 1     46.4                      28.3   18.1     61.0
  SNOW DEPTH       0

DEGREE DAYS
 HEATING
  YESTERDAY        3                        13    -10       15
  MONTH TO DATE  191                       226    -35      169
  SINCE MAR 1   1030                       935     95     1003
  SINCE JUL 1   4933                      4570    363     4878

 COOLING
  YESTERDAY        0                         0      0        0
  MONTH TO DATE    0                         0      0        8
  SINCE MAR 1      0                         1     -1        8
  SINCE JAN 1      0                         1     -1        8
..................................................................


WIND (MPH)
  HIGHEST WIND SPEED    26   HIGHEST WIND DIRECTION     N (340)
  HIGHEST GUST SPEED    32   HIGHEST GUST DIRECTION     N (350)
  AVERAGE WIND SPEED    13.7


SKY COVER
  AVERAGE SKY COVER 0.7


WEATHER CONDITIONS
 THE FOLLOWING WEATHER WAS RECORDED YESTERDAY.
  NO SIGNIFICANT WEATHER WAS OBSERVED.


RELATIVE HUMIDITY (PERCENT)
 HIGHEST    40          1200 AM
 LOWEST     10           500 PM
 AVERAGE    25

..........................................................


THE NEWARK NJ CLIMATE NORMALS FOR TODAY
                         NORMAL    RECORD    YEAR
 MAXIMUM TEMPERATURE (F)   62        92      2002
 MINIMUM TEMPERATURE (F)   44        26      1943


SUNRISE AND SUNSET
APRIL 16 2015.........SUNRISE   617 AM EDT   SUNSET   737 PM EDT
APRIL 17 2015.........SUNRISE   615 AM EDT   SUNSET   738 PM EDT


-  INDICATES NEGATIVE NUMBERS.
R  INDICATES RECORD WAS SET OR TIED.
MM INDICATES DATA IS MISSING.
T  INDICATES TRACE AMOUNT.




$$
