000
CDUS41 KOKX 200627
CLIEWR


CLIMATE REPORT
NATIONAL WEATHER SERVICE NEW YORK NY
227 AM EDT MON APR 20 2015


...................................

...THE NEWARK NJ CLIMATE SUMMARY FOR APRIL 19 2015...

CLIMATE NORMAL PERIOD 1981 TO 2010
CLIMATE RECORD PERIOD 1929 TO 2015


WEATHER ITEM   OBSERVED TIME   RECORD YEAR NORMAL DEPARTURE LAST
                VALUE   (LST)  VALUE       VALUE  FROM      YEAR
                                                  NORMAL
..................................................................
TEMPERATURE (F)
 YESTERDAY
  MAXIMUM         62   1214 AM  92    1976  63     -1       69
  MINIMUM         47   1104 PM  33    2001  45      2       38
  AVERAGE         55                        54      1       54

PRECIPITATION (IN)
  YESTERDAY        0.00          1.97 1978   0.13  -0.13     0.00
  MONTH TO DATE    0.46                      2.74  -2.28     1.96
  SINCE MAR 1      5.09                      6.92  -1.83     5.61
  SINCE JAN 1     11.57                     13.34  -1.77    13.33

SNOWFALL (IN)
  YESTERDAY        0.0           4.1  1983   0.0    0.0      0.0
  MONTH TO DATE    0.0                       0.8   -0.8      0.4
  SINCE OCT 1     46.4                      28.4   18.0     61.1
  SINCE JUL 1     46.4                      28.4   18.0     61.1
  SNOW DEPTH       0

DEGREE DAYS
 HEATING
  YESTERDAY       10                        11     -1       11
  MONTH TO DATE  214                       273    -59      250
  SINCE MAR 1   1053                       982     71     1084
  SINCE JUL 1   4956                      4617    339     4959

 COOLING
  YESTERDAY        0                         0      0        0
  MONTH TO DATE    3                         0      3        8
  SINCE MAR 1      3                         1      2        8
  SINCE JAN 1      3                         1      2        8
..................................................................


WIND (MPH)
  HIGHEST WIND SPEED    18   HIGHEST WIND DIRECTION    SE (140)
  HIGHEST GUST SPEED    24   HIGHEST GUST DIRECTION    SE (130)
  AVERAGE WIND SPEED    10.8


SKY COVER
  AVERAGE SKY COVER 0.7


WEATHER CONDITIONS
 THE FOLLOWING WEATHER WAS RECORDED YESTERDAY.
  NO SIGNIFICANT WEATHER WAS OBSERVED.


RELATIVE HUMIDITY (PERCENT)
 HIGHEST    71          1100 PM
 LOWEST     20          1200 AM
 AVERAGE    46

..........................................................


THE NEWARK NJ CLIMATE NORMALS FOR TODAY
                         NORMAL    RECORD    YEAR
 MAXIMUM TEMPERATURE (F)   64        91      1941
 MINIMUM TEMPERATURE (F)   45        34      1953


SUNRISE AND SUNSET
APRIL 20 2015.........SUNRISE   611 AM EDT   SUNSET   741 PM EDT
APRIL 21 2015.........SUNRISE   609 AM EDT   SUNSET   742 PM EDT


-  INDICATES NEGATIVE NUMBERS.
R  INDICATES RECORD WAS SET OR TIED.
MM INDICATES DATA IS MISSING.
T  INDICATES TRACE AMOUNT.




$$
