000
CDUS41 KOKX 210621
CLIEWR


CLIMATE REPORT
NATIONAL WEATHER SERVICE NEW YORK NY
221 AM EDT TUE APR 21 2015


...................................

...THE NEWARK NJ CLIMATE SUMMARY FOR APRIL 20 2015...

CLIMATE NORMAL PERIOD 1981 TO 2010
CLIMATE RECORD PERIOD 1929 TO 2015


WEATHER ITEM   OBSERVED TIME   RECORD YEAR NORMAL DEPARTURE LAST
                VALUE   (LST)  VALUE       VALUE  FROM      YEAR
                                                  NORMAL
..................................................................
TEMPERATURE (F)
 YESTERDAY
  MAXIMUM         59    519 PM  91    1941  64     -5       54
  MINIMUM         48    159 AM  34    1953  45      3       42
  AVERAGE         54                        54      0       48

PRECIPITATION (IN)
  YESTERDAY        0.94          2.10 2009   0.13   0.81     0.00
  MONTH TO DATE    1.40                      2.87  -1.47     1.96
  SINCE MAR 1      6.03                      7.05  -1.02     5.61
  SINCE JAN 1     12.51                     13.47  -0.96    13.33

SNOWFALL (IN)
  YESTERDAY        0.0           0.0  2002   0.0    0.0      0.0
                                      2001
  MONTH TO DATE    0.0                       0.8   -0.8      0.4
  SINCE OCT 1     46.4                      28.4   18.0     61.1
  SINCE JUL 1     46.4                      28.4   18.0     61.1
  SNOW DEPTH       0

DEGREE DAYS
 HEATING
  YESTERDAY       11                        11      0       17
  MONTH TO DATE  225                       284    -59      267
  SINCE MAR 1   1064                       993     71     1101
  SINCE JUL 1   4967                      4628    339     4976

 COOLING
  YESTERDAY        0                         0      0        0
  MONTH TO DATE    3                         0      3        8
  SINCE MAR 1      3                         1      2        8
  SINCE JAN 1      3                         1      2        8
..................................................................


WIND (MPH)
  HIGHEST WIND SPEED    26   HIGHEST WIND DIRECTION     E (90)
  HIGHEST GUST SPEED    39   HIGHEST GUST DIRECTION     E (100)
  AVERAGE WIND SPEED    10.8


SKY COVER
  AVERAGE SKY COVER 1.0


WEATHER CONDITIONS
 THE FOLLOWING WEATHER WAS RECORDED YESTERDAY.
  THUNDERSTORM
  HEAVY RAIN
  RAIN
  LIGHT RAIN
  FOG
  FOG W/VISIBILITY <= 1/4 MILE


RELATIVE HUMIDITY (PERCENT)
 HIGHEST   100           100 PM
 LOWEST     71          1200 AM
 AVERAGE    86

..........................................................


THE NEWARK NJ CLIMATE NORMALS FOR TODAY
                         NORMAL    RECORD    YEAR
 MAXIMUM TEMPERATURE (F)   64        88      1957
 MINIMUM TEMPERATURE (F)   46        31      1981


SUNRISE AND SUNSET
APRIL 21 2015.........SUNRISE   609 AM EDT   SUNSET   742 PM EDT
APRIL 22 2015.........SUNRISE   608 AM EDT   SUNSET   743 PM EDT


-  INDICATES NEGATIVE NUMBERS.
R  INDICATES RECORD WAS SET OR TIED.
MM INDICATES DATA IS MISSING.
T  INDICATES TRACE AMOUNT.




$$
