000
CDUS41 KOKX 100619
CLIEWR


CLIMATE REPORT
NATIONAL WEATHER SERVICE NEW YORK NY
219 AM EDT FRI APR 10 2015


...................................

...THE NEWARK NJ CLIMATE SUMMARY FOR APRIL 9 2015...

CLIMATE NORMAL PERIOD 1981 TO 2010
CLIMATE RECORD PERIOD 1929 TO 2015


WEATHER ITEM   OBSERVED TIME   RECORD YEAR NORMAL DEPARTURE LAST
                VALUE   (LST)  VALUE       VALUE  FROM      YEAR
                                                  NORMAL
..................................................................
TEMPERATURE (F)
 YESTERDAY
  MAXIMUM         43    635 PM  85    2013  60    -17       65
  MINIMUM         38    526 AM  26    1977  42     -4       44
  AVERAGE         41                        51    -10       55

PRECIPITATION (IN)
  YESTERDAY        0.02          2.39 1980   0.15  -0.13     0.00
  MONTH TO DATE    0.20                      1.32  -1.12     1.17
  SINCE MAR 1      4.83                      5.50  -0.67     4.82
  SINCE JAN 1     11.31                     11.92  -0.61    12.54

SNOWFALL (IN)
  YESTERDAY        0.0           1.0  1982   0.1   -0.1      0.0
  MONTH TO DATE    0.0                       0.5   -0.5      0.0
  SINCE OCT 1     46.4                      28.1   18.3     60.7
  SINCE JUL 1     46.4                      28.1   18.3     60.7
  SNOW DEPTH       0

DEGREE DAYS
 HEATING
  YESTERDAY       24                        15      9       10
  MONTH TO DATE  138                       145     -7      137
  SINCE MAR 1    977                       854    123      971
  SINCE JUL 1   4880                      4489    391     4846

 COOLING
  YESTERDAY        0                         0      0        0
  MONTH TO DATE    0                         0      0        0
  SINCE MAR 1      0                         1     -1        0
  SINCE JAN 1      0                         1     -1        0
..................................................................


WIND (MPH)
  HIGHEST WIND SPEED    15   HIGHEST WIND DIRECTION     E (70)
  HIGHEST GUST SPEED    22   HIGHEST GUST DIRECTION    NE (50)
  AVERAGE WIND SPEED     9.4


SKY COVER
  AVERAGE SKY COVER 1.0


WEATHER CONDITIONS
 THE FOLLOWING WEATHER WAS RECORDED YESTERDAY.
  LIGHT RAIN
  FOG


RELATIVE HUMIDITY (PERCENT)
 HIGHEST    92           100 AM
 LOWEST     76          1200 PM
 AVERAGE    84

..........................................................


THE NEWARK NJ CLIMATE NORMALS FOR TODAY
                         NORMAL    RECORD    YEAR
 MAXIMUM TEMPERATURE (F)   60        82      1955
 MINIMUM TEMPERATURE (F)   42        28      1997


SUNRISE AND SUNSET
APRIL 10 2015.........SUNRISE   626 AM EDT   SUNSET   731 PM EDT
APRIL 11 2015.........SUNRISE   625 AM EDT   SUNSET   732 PM EDT


-  INDICATES NEGATIVE NUMBERS.
R  INDICATES RECORD WAS SET OR TIED.
MM INDICATES DATA IS MISSING.
T  INDICATES TRACE AMOUNT.




$$
