000
CDUS41 KOKX 090620
CLIEWR


CLIMATE REPORT
NATIONAL WEATHER SERVICE NEW YORK NY
220 AM EDT THU APR 9 2015


...................................

...THE NEWARK NJ CLIMATE SUMMARY FOR APRIL 8 2015...

CLIMATE NORMAL PERIOD 1981 TO 2010
CLIMATE RECORD PERIOD 1929 TO 2015


WEATHER ITEM   OBSERVED TIME   RECORD YEAR NORMAL DEPARTURE LAST
                VALUE   (LST)  VALUE       VALUE  FROM      YEAR
                                                  NORMAL
..................................................................
TEMPERATURE (F)
 YESTERDAY
  MAXIMUM         47    422 PM  88    1991  59    -12       67
  MINIMUM         39   1159 PM  23    1982  41     -2       45
  AVERAGE         43                        50     -7       56

PRECIPITATION (IN)
  YESTERDAY        0.01          1.85 1940   0.15  -0.14     0.33
  MONTH TO DATE    0.18                      1.17  -0.99     1.17
  SINCE MAR 1      4.81                      5.35  -0.54     4.82
  SINCE JAN 1     11.29                     11.77  -0.48    12.54

SNOWFALL (IN)
  YESTERDAY       MM             3.4  1956   0.0   MM        0.0
  MONTH TO DATE    0.0                       0.4   -0.4      0.0
  SINCE OCT 1     46.4                      28.0   18.4     60.7
  SINCE JUL 1     46.4                      28.0   18.4     60.7
  SNOW DEPTH       0

DEGREE DAYS
 HEATING
  YESTERDAY       22                        15      7        9
  MONTH TO DATE  114                       130    -16      127
  SINCE MAR 1    953                       839    114      961
  SINCE JUL 1   4856                      4474    382     4836

 COOLING
  YESTERDAY        0                         0      0        0
  MONTH TO DATE    0                         0      0        0
  SINCE MAR 1      0                         1     -1        0
  SINCE JAN 1      0                         1     -1        0
..................................................................


WIND (MPH)
  HIGHEST WIND SPEED    18   HIGHEST WIND DIRECTION    NE (30)
  HIGHEST GUST SPEED    23   HIGHEST GUST DIRECTION    NE (50)
  AVERAGE WIND SPEED    11.9


SKY COVER
  AVERAGE SKY COVER 0.9


WEATHER CONDITIONS
 THE FOLLOWING WEATHER WAS RECORDED YESTERDAY.
  LIGHT RAIN
  FOG


RELATIVE HUMIDITY (PERCENT)
 HIGHEST    85          1100 PM
 LOWEST     49           500 PM
 AVERAGE    67

..........................................................


THE NEWARK NJ CLIMATE NORMALS FOR TODAY
                         NORMAL    RECORD    YEAR
 MAXIMUM TEMPERATURE (F)   60        85      2013
 MINIMUM TEMPERATURE (F)   42        26      1977


SUNRISE AND SUNSET
APRIL  9 2015.........SUNRISE   628 AM EDT   SUNSET   729 PM EDT
APRIL 10 2015.........SUNRISE   626 AM EDT   SUNSET   731 PM EDT


-  INDICATES NEGATIVE NUMBERS.
R  INDICATES RECORD WAS SET OR TIED.
MM INDICATES DATA IS MISSING.
T  INDICATES TRACE AMOUNT.




$$
