000
CDUS41 KOKX 250626
CLIEWR


CLIMATE REPORT
NATIONAL WEATHER SERVICE NEW YORK NY
225 AM EDT SAT APR 25 2015


...................................

...THE NEWARK NJ CLIMATE SUMMARY FOR APRIL 24 2015...

CLIMATE NORMAL PERIOD 1981 TO 2010
CLIMATE RECORD PERIOD 1929 TO 2015


WEATHER ITEM   OBSERVED TIME   RECORD YEAR NORMAL DEPARTURE LAST
                VALUE   (LST)  VALUE       VALUE  FROM      YEAR
                                                  NORMAL
..................................................................
TEMPERATURE (F)
 YESTERDAY
  MAXIMUM         55    302 PM  87    2001  65    -10       64
  MINIMUM         39   1158 PM  36    1967  47     -8       42
  AVERAGE         47                        56     -9       53

PRECIPITATION (IN)
  YESTERDAY        0.00          1.72 1944   0.13  -0.13     0.00
  MONTH TO DATE    1.67                      3.41  -1.74     1.96
  SINCE MAR 1      6.30                      7.59  -1.29     5.61
  SINCE JAN 1     12.78                     14.01  -1.23    13.33

SNOWFALL (IN)
  YESTERDAY        0.0           T    1967   0.0    0.0      0.0
  MONTH TO DATE    T                         0.9   -0.9      0.4
  SINCE OCT 1     46.4                      28.5   17.9     61.1
  SINCE JUL 1     46.4                      28.5   17.9     61.1
  SNOW DEPTH       0

DEGREE DAYS
 HEATING
  YESTERDAY       18                        10      8       12
  MONTH TO DATE  271                       325    -54      307
  SINCE MAR 1   1110                      1034     76     1141
  SINCE JUL 1   5013                      4669    344     5016

 COOLING
  YESTERDAY        0                         1     -1        0
  MONTH TO DATE    3                         3      0        8
  SINCE MAR 1      3                         4     -1        8
  SINCE JAN 1      3                         4     -1        8
..................................................................


WIND (MPH)
  HIGHEST WIND SPEED    26   HIGHEST WIND DIRECTION     N (350)
  HIGHEST GUST SPEED    39   HIGHEST GUST DIRECTION     W (280)
  AVERAGE WIND SPEED    16.5


SKY COVER
  AVERAGE SKY COVER 0.5


WEATHER CONDITIONS
 THE FOLLOWING WEATHER WAS RECORDED YESTERDAY.
  NO SIGNIFICANT WEATHER WAS OBSERVED.


RELATIVE HUMIDITY (PERCENT)
 HIGHEST    48           600 AM
 LOWEST     22           300 PM
 AVERAGE    35

..........................................................


THE NEWARK NJ CLIMATE NORMALS FOR TODAY
                         NORMAL    RECORD    YEAR
 MAXIMUM TEMPERATURE (F)   66        91      1960
 MINIMUM TEMPERATURE (F)   47        34      1936


SUNRISE AND SUNSET
APRIL 25 2015.........SUNRISE   604 AM EDT   SUNSET   746 PM EDT
APRIL 26 2015.........SUNRISE   602 AM EDT   SUNSET   747 PM EDT


-  INDICATES NEGATIVE NUMBERS.
R  INDICATES RECORD WAS SET OR TIED.
MM INDICATES DATA IS MISSING.
T  INDICATES TRACE AMOUNT.




$$
