000
CDUS41 KOKX 240625
CLIEWR


CLIMATE REPORT
NATIONAL WEATHER SERVICE NEW YORK NY
225 AM EDT FRI APR 24 2015


...................................

...THE NEWARK NJ CLIMATE SUMMARY FOR APRIL 23 2015...

CLIMATE NORMAL PERIOD 1981 TO 2010
CLIMATE RECORD PERIOD 1929 TO 2015


WEATHER ITEM   OBSERVED TIME   RECORD YEAR NORMAL DEPARTURE LAST
                VALUE   (LST)  VALUE       VALUE  FROM      YEAR
                                                  NORMAL
..................................................................
TEMPERATURE (F)
 YESTERDAY
  MAXIMUM         53    117 PM  88    1996  65    -12       63
  MINIMUM         40   1159 PM  32    1933  46     -6       44
  AVERAGE         47                        56     -9       54

PRECIPITATION (IN)
  YESTERDAY        T             1.01 1986   0.14  -0.14      T
  MONTH TO DATE    1.67                      3.28  -1.61     1.96
  SINCE MAR 1      6.30                      7.46  -1.16     5.61
  SINCE JAN 1     12.78                     13.88  -1.10    13.33

SNOWFALL (IN)
  YESTERDAY        T             0.1  1986   0.0    0.0      0.0
  MONTH TO DATE    T                         0.9   -0.9      0.4
  SINCE OCT 1     46.4                      28.5   17.9     61.1
  SINCE JUL 1     46.4                      28.5   17.9     61.1
  SNOW DEPTH       0

DEGREE DAYS
 HEATING
  YESTERDAY       18                        10      8       11
  MONTH TO DATE  253                       315    -62      295
  SINCE MAR 1   1092                      1024     68     1129
  SINCE JUL 1   4995                      4659    336     5004

 COOLING
  YESTERDAY        0                         1     -1        0
  MONTH TO DATE    3                         2      1        8
  SINCE MAR 1      3                         3      0        8
  SINCE JAN 1      3                         3      0        8
..................................................................


WIND (MPH)
  HIGHEST WIND SPEED    32   HIGHEST WIND DIRECTION     W (270)
  HIGHEST GUST SPEED    38   HIGHEST GUST DIRECTION     W (270)
  AVERAGE WIND SPEED    15.7


SKY COVER
  AVERAGE SKY COVER 0.5


WEATHER CONDITIONS
 THE FOLLOWING WEATHER WAS RECORDED YESTERDAY.
  RAIN
  LIGHT RAIN
  HAIL


RELATIVE HUMIDITY (PERCENT)
 HIGHEST    65           300 AM
 LOWEST     32           100 PM
 AVERAGE    49

..........................................................


THE NEWARK NJ CLIMATE NORMALS FOR TODAY
                         NORMAL    RECORD    YEAR
 MAXIMUM TEMPERATURE (F)   65        87      2001
 MINIMUM TEMPERATURE (F)   47        36      1967


SUNRISE AND SUNSET
APRIL 24 2015.........SUNRISE   605 AM EDT   SUNSET   745 PM EDT
APRIL 25 2015.........SUNRISE   604 AM EDT   SUNSET   746 PM EDT


-  INDICATES NEGATIVE NUMBERS.
R  INDICATES RECORD WAS SET OR TIED.
MM INDICATES DATA IS MISSING.
T  INDICATES TRACE AMOUNT.




$$
