000
CDUS41 KOKX 050617
CLIEWR


CLIMATE REPORT
NATIONAL WEATHER SERVICE NEW YORK NY
217 AM EDT TUE MAY 5 2015


...................................

...THE NEWARK NJ CLIMATE SUMMARY FOR MAY 4 2015...

CLIMATE NORMAL PERIOD 1981 TO 2010
CLIMATE RECORD PERIOD 1929 TO 2015


WEATHER ITEM   OBSERVED TIME   RECORD YEAR NORMAL DEPARTURE LAST
                VALUE   (LST)  VALUE       VALUE  FROM      YEAR
                                                  NORMAL
..................................................................
TEMPERATURE (F)
 YESTERDAY
  MAXIMUM         87    324 PM  94    2001  69     18       66
  MINIMUM         56    522 AM  37    1941  50      6       53
  AVERAGE         72                        59     13       60

PRECIPITATION (IN)
  YESTERDAY        0.00          0.92 1975   0.12  -0.12      T
  MONTH TO DATE    0.00                      0.48  -0.48     0.10
  SINCE MAR 1      6.30                      8.86  -2.56    11.70
  SINCE JAN 1     12.78                     15.28  -2.50    19.42

SNOWFALL (IN)
  YESTERDAY        0.0           0.0  2002   0.0    0.0      0.0
                                      2001
  MONTH TO DATE    0.0                       0.0    0.0      0.0
  SINCE OCT 1     46.4                      28.5   17.9     61.1
  SINCE JUL 1     46.4                      28.5   17.9     61.1
  SNOW DEPTH       0

DEGREE DAYS
 HEATING
  YESTERDAY        0                         7     -7        5
  MONTH TO DATE   21                        29     -8       12
  SINCE MAR 1   1184                      1114     70     1229
  SINCE JUL 1   5087                      4749    338     5104

 COOLING
  YESTERDAY        7                         1      6        0
  MONTH TO DATE    7                         4      3        1
  SINCE MAR 1     10                        16     -6        9
  SINCE JAN 1     10                        16     -6        9
..................................................................


WIND (MPH)
  HIGHEST WIND SPEED    23   HIGHEST WIND DIRECTION    SW (230)
  HIGHEST GUST SPEED    31   HIGHEST GUST DIRECTION     S (180)
  AVERAGE WIND SPEED    10.2


SKY COVER
  AVERAGE SKY COVER 0.3


WEATHER CONDITIONS
 THE FOLLOWING WEATHER WAS RECORDED YESTERDAY.
  NO SIGNIFICANT WEATHER WAS OBSERVED.


RELATIVE HUMIDITY (PERCENT)
 HIGHEST    67           600 AM
 LOWEST     19           200 PM
 AVERAGE    43

..........................................................


THE NEWARK NJ CLIMATE NORMALS FOR TODAY
                         NORMAL    RECORD    YEAR
 MAXIMUM TEMPERATURE (F)   69        94      1949
 MINIMUM TEMPERATURE (F)   50        38      1966


SUNRISE AND SUNSET
MAY  5 2015...........SUNRISE   551 AM EDT   SUNSET   757 PM EDT
MAY  6 2015...........SUNRISE   550 AM EDT   SUNSET   758 PM EDT


-  INDICATES NEGATIVE NUMBERS.
R  INDICATES RECORD WAS SET OR TIED.
MM INDICATES DATA IS MISSING.
T  INDICATES TRACE AMOUNT.




$$
