000
CDUS41 KALY 182047
CLIGFL


CLIMATE REPORT
NATIONAL WEATHER SERVICE ALBANY NY
447 PM EDT SAT APR 18 2015


...................................

...THE GLENS FALLS NY CLIMATE SUMMARY FOR APRIL 18 2015...
VALID TODAY AS OF 0400 PM LOCAL TIME.

CLIMATE NORMAL PERIOD 1981 TO 2010
CLIMATE RECORD PERIOD 1949 TO 2015


WEATHER ITEM   OBSERVED TIME   RECORD YEAR NORMAL DEPARTURE LAST
                VALUE   (LST)  VALUE       VALUE  FROM      YEAR
                                                  NORMAL
..................................................................
TEMPERATURE (F)
 TODAY
  MAXIMUM         73    229 PM  90    1976  58     15       53
  MINIMUM         35    552 AM  23    2014  34      1       23
                                      1990
  AVERAGE         54                        46      8       38

PRECIPITATION (IN)
  TODAY            0.00          0.64 1997   0.10  -0.10     0.00
  MONTH TO DATE    0.91                      1.76  -0.85     1.93
  SINCE MAR 1      1.59                      4.70  -3.11     4.65
  SINCE JAN 1      3.64                      9.64  -6.00     9.18

DEGREE DAYS
 HEATING
  TODAY           11                        19     -8       27
  MONTH TO DATE  382                       411    -29      393
  SINCE MAR 1   1564                      1454    110     1703
  SINCE JUL 1   7245                      7074    171     7472

 COOLING
  TODAY            0                         0      0        0
  MONTH TO DATE    0                         0      0        0
  SINCE MAR 1      0                         0      0        0
  SINCE JAN 1      0                         0      0        0
..................................................................


WIND (MPH)
  HIGHEST WIND SPEED    24   HIGHEST WIND DIRECTION     N (10)
  HIGHEST GUST SPEED    33   HIGHEST GUST DIRECTION     W (280)
  AVERAGE WIND SPEED     4.8


SKY COVER
  AVERAGE SKY COVER 0.4



RELATIVE HUMIDITY (PERCENT)
 HIGHEST    92           500 AM
 LOWEST     31           200 PM
 AVERAGE    62

..........................................................


THE GLENS FALLS NY CLIMATE NORMALS FOR TOMORROW
                         NORMAL    RECORD    YEAR
 MAXIMUM TEMPERATURE (F)   59        89      1976
 MINIMUM TEMPERATURE (F)   34        23      1990


SUNRISE AND SUNSET
APRIL 18 2015.........SUNRISE   608 AM EDT   SUNSET   741 PM EDT
APRIL 19 2015.........SUNRISE   606 AM EDT   SUNSET   742 PM EDT


-  INDICATES NEGATIVE NUMBERS.
R  INDICATES RECORD WAS SET OR TIED.
MM INDICATES DATA IS MISSING.
T  INDICATES TRACE AMOUNT.




$$
