000
CDUS41 KALY 010631
CLIGFL


CLIMATE REPORT
NATIONAL WEATHER SERVICE ALBANY NY
231 AM EDT FRI MAY 1 2015


...................................

...THE GLENS FALLS NY CLIMATE SUMMARY FOR APRIL 30 2015...

CLIMATE NORMAL PERIOD 1981 TO 2010
CLIMATE RECORD PERIOD 1949 TO 2015


WEATHER ITEM   OBSERVED TIME   RECORD YEAR NORMAL DEPARTURE LAST
                VALUE   (LST)  VALUE       VALUE  FROM      YEAR
                                                  NORMAL
..................................................................
TEMPERATURE (F)
 YESTERDAY
  MAXIMUM         64    302 PM  81    1985  63      1       47
  MINIMUM         41    217 AM  25    2012  37      4       39
  AVERAGE         53                        50      3       43

PRECIPITATION (IN)
  YESTERDAY        0.00          0.78 1962   0.11  -0.11     0.44
  MONTH TO DATE    1.97                      3.00  -1.03     2.82
  SINCE MAR 1      2.65                      5.94  -3.29     5.54
  SINCE JAN 1      4.70                     10.88  -6.18    10.07

DEGREE DAYS
 HEATING
  YESTERDAY       12                        15     -3       22
  MONTH TO DATE  600                       613    -13      594
  SINCE MAR 1   1782                      1656    126     1904
  SINCE JUL 1   7463                      7276    187     7673

 COOLING
  YESTERDAY        0                         0      0        0
  MONTH TO DATE    0                         1     -1        0
  SINCE MAR 1      0                         1     -1        0
  SINCE JAN 1      0                         1     -1        0
..................................................................


WIND (MPH)
  HIGHEST WIND SPEED    18   HIGHEST WIND DIRECTION    NE (60)
  HIGHEST GUST SPEED    23   HIGHEST GUST DIRECTION    NE (60)
  AVERAGE WIND SPEED     6.7


SKY COVER
  AVERAGE SKY COVER 0.3



RELATIVE HUMIDITY (PERCENT)
 HIGHEST    76           200 AM
 LOWEST     39           100 PM
 AVERAGE    58

..........................................................


THE GLENS FALLS NY CLIMATE NORMALS FOR TODAY
                         NORMAL    RECORD    YEAR
 MAXIMUM TEMPERATURE (F)   64        85      2001
 MINIMUM TEMPERATURE (F)   38        24      2008


SUNRISE AND SUNSET
MAY  1 2015...........SUNRISE   548 AM EDT   SUNSET   756 PM EDT
MAY  2 2015...........SUNRISE   547 AM EDT   SUNSET   757 PM EDT


-  INDICATES NEGATIVE NUMBERS.
R  INDICATES RECORD WAS SET OR TIED.
MM INDICATES DATA IS MISSING.
T  INDICATES TRACE AMOUNT.




$$
