000
CDUS41 KALY 200626
CLIGFL


CLIMATE REPORT
NATIONAL WEATHER SERVICE ALBANY NY
225 AM EDT MON APR 20 2015


...................................

...THE GLENS FALLS NY CLIMATE SUMMARY FOR APRIL 19 2015...

CLIMATE NORMAL PERIOD 1981 TO 2010
CLIMATE RECORD PERIOD 1949 TO 2015


WEATHER ITEM   OBSERVED TIME   RECORD YEAR NORMAL DEPARTURE LAST
                VALUE   (LST)  VALUE       VALUE  FROM      YEAR
                                                  NORMAL
..................................................................
TEMPERATURE (F)
 YESTERDAY
  MAXIMUM         59    501 PM  89    1976  59      0       56
  MINIMUM         30    521 AM  23    1990  34     -4       29
  AVERAGE         45                        46     -1       43

PRECIPITATION (IN)
  YESTERDAY        0.00          0.92 2013   0.10  -0.10     0.00
  MONTH TO DATE    0.91                      1.86  -0.95     1.93
  SINCE MAR 1      1.59                      4.80  -3.21     4.65
  SINCE JAN 1      3.64                      9.74  -6.10     9.18

DEGREE DAYS
 HEATING
  YESTERDAY       20                        19      1       22
  MONTH TO DATE  402                       430    -28      415
  SINCE MAR 1   1584                      1473    111     1725
  SINCE JUL 1   7265                      7093    172     7494

 COOLING
  YESTERDAY        0                         0      0        0
  MONTH TO DATE    0                         0      0        0
  SINCE MAR 1      0                         0      0        0
  SINCE JAN 1      0                         0      0        0
..................................................................


WIND (MPH)
  HIGHEST WIND SPEED    18   HIGHEST WIND DIRECTION    NE (30)
  HIGHEST GUST SPEED    23   HIGHEST GUST DIRECTION    NE (40)
  AVERAGE WIND SPEED     5.0


SKY COVER
  AVERAGE SKY COVER 0.1



RELATIVE HUMIDITY (PERCENT)
 HIGHEST    85           500 AM
 LOWEST     23           400 PM
 AVERAGE    54

..........................................................


THE GLENS FALLS NY CLIMATE NORMALS FOR TODAY
                         NORMAL    RECORD    YEAR
 MAXIMUM TEMPERATURE (F)   59        83      1954
 MINIMUM TEMPERATURE (F)   34        22      1974


SUNRISE AND SUNSET
APRIL 20 2015.........SUNRISE   605 AM EDT   SUNSET   743 PM EDT
APRIL 21 2015.........SUNRISE   603 AM EDT   SUNSET   744 PM EDT


-  INDICATES NEGATIVE NUMBERS.
R  INDICATES RECORD WAS SET OR TIED.
MM INDICATES DATA IS MISSING.
T  INDICATES TRACE AMOUNT.




$$
