000
CDUS41 KALY 070622
CLIGFL


CLIMATE REPORT
NATIONAL WEATHER SERVICE ALBANY NY
222 AM EDT TUE APR 7 2015


...................................

...THE GLENS FALLS NY CLIMATE SUMMARY FOR APRIL 6 2015...

CLIMATE NORMAL PERIOD 1981 TO 2010
CLIMATE RECORD PERIOD 1949 TO 2015


WEATHER ITEM   OBSERVED TIME   RECORD YEAR NORMAL DEPARTURE LAST
                VALUE   (LST)  VALUE       VALUE  FROM      YEAR
                                                  NORMAL
..................................................................
TEMPERATURE (F)
 YESTERDAY
  MAXIMUM         50    425 PM  73    1991  52     -2       56
  MINIMUM         26    200 AM  13    1995  29     -3       26
  AVERAGE         38                        41     -3       41

PRECIPITATION (IN)
  YESTERDAY        T             1.03 1958   0.10  -0.10     0.00
  MONTH TO DATE    0.05                      0.57  -0.52     0.43
  SINCE MAR 1      0.73                      3.51  -2.78     3.15
  SINCE JAN 1      2.78                      8.45  -5.67     7.68

DEGREE DAYS
 HEATING
  YESTERDAY       27                        24      3       24
  MONTH TO DATE  152                       153     -1      153
  SINCE MAR 1   1334                      1196    138     1463
  SINCE JUL 1   7015                      6816    199     7232

 COOLING
  YESTERDAY        0                         0      0        0
  MONTH TO DATE    0                         0      0        0
  SINCE MAR 1      0                         0      0        0
  SINCE JAN 1      0                         0      0        0
..................................................................


WIND (MPH)
  HIGHEST WIND SPEED    12   HIGHEST WIND DIRECTION    NE (60)
  HIGHEST GUST SPEED    14   HIGHEST GUST DIRECTION    NE (50)
  AVERAGE WIND SPEED     3.8


SKY COVER
  AVERAGE SKY COVER 0.6



RELATIVE HUMIDITY (PERCENT)
 HIGHEST    85           400 AM
 LOWEST     50           300 PM
 AVERAGE    68

..........................................................


THE GLENS FALLS NY CLIMATE NORMALS FOR TODAY
                         NORMAL    RECORD    YEAR
 MAXIMUM TEMPERATURE (F)   53        85      1991
 MINIMUM TEMPERATURE (F)   30         8      2003


SUNRISE AND SUNSET
APRIL  7 2015.........SUNRISE   626 AM EDT   SUNSET   728 PM EDT
APRIL  8 2015.........SUNRISE   625 AM EDT   SUNSET   729 PM EDT


-  INDICATES NEGATIVE NUMBERS.
R  INDICATES RECORD WAS SET OR TIED.
MM INDICATES DATA IS MISSING.
T  INDICATES TRACE AMOUNT.




$$
