000
CDUS41 KALY 060627
CLIGFL


CLIMATE REPORT
NATIONAL WEATHER SERVICE ALBANY NY
227 AM EDT MON APR 6 2015


...................................

...THE GLENS FALLS NY CLIMATE SUMMARY FOR APRIL 5 2015...

CLIMATE NORMAL PERIOD 1981 TO 2010
CLIMATE RECORD PERIOD 1949 TO 2015


WEATHER ITEM   OBSERVED TIME   RECORD YEAR NORMAL DEPARTURE LAST
                VALUE   (LST)  VALUE       VALUE  FROM      YEAR
                                                  NORMAL
..................................................................
TEMPERATURE (F)
 YESTERDAY
  MAXIMUM         43   1251 PM  71    2010  52     -9       48
  MINIMUM         27   1159 PM  12    1982  29     -2       35
  AVERAGE         35                        40     -5       42

PRECIPITATION (IN)
  YESTERDAY        0.00          1.76 1952   0.09  -0.09      T
  MONTH TO DATE    0.05                      0.47  -0.42     0.43
  SINCE MAR 1      0.73                      3.41  -2.68     3.15
  SINCE JAN 1      2.78                      8.35  -5.57     7.68

DEGREE DAYS
 HEATING
  YESTERDAY       30                        25      5       23
  MONTH TO DATE  125                       129     -4      129
  SINCE MAR 1   1307                      1172    135     1439
  SINCE JUL 1   6988                      6792    196     7208

 COOLING
  YESTERDAY        0                         0      0        0
  MONTH TO DATE    0                         0      0        0
  SINCE MAR 1      0                         0      0        0
  SINCE JAN 1      0                         0      0        0
..................................................................


WIND (MPH)
  HIGHEST WIND SPEED    24   HIGHEST WIND DIRECTION     W (290)
  HIGHEST GUST SPEED    29   HIGHEST GUST DIRECTION     W (290)
  AVERAGE WIND SPEED    10.4


SKY COVER
  AVERAGE SKY COVER 0.3



RELATIVE HUMIDITY (PERCENT)
 HIGHEST    78           400 AM
 LOWEST     27          1000 AM
 AVERAGE    53

..........................................................


THE GLENS FALLS NY CLIMATE NORMALS FOR TODAY
                         NORMAL    RECORD    YEAR
 MAXIMUM TEMPERATURE (F)   52        73      1991
 MINIMUM TEMPERATURE (F)   29        13      1995


SUNRISE AND SUNSET
APRIL  6 2015.........SUNRISE   628 AM EDT   SUNSET   727 PM EDT
APRIL  7 2015.........SUNRISE   626 AM EDT   SUNSET   728 PM EDT


-  INDICATES NEGATIVE NUMBERS.
R  INDICATES RECORD WAS SET OR TIED.
MM INDICATES DATA IS MISSING.
T  INDICATES TRACE AMOUNT.




$$
