000
CDUS41 KALY 130623
CLIGFL


CLIMATE REPORT
NATIONAL WEATHER SERVICE ALBANY NY
222 AM EDT MON APR 13 2015


...................................

...THE GLENS FALLS NY CLIMATE SUMMARY FOR APRIL 12 2015...

CLIMATE NORMAL PERIOD 1981 TO 2010
CLIMATE RECORD PERIOD 1949 TO 2015


WEATHER ITEM   OBSERVED TIME   RECORD YEAR NORMAL DEPARTURE LAST
                VALUE   (LST)  VALUE       VALUE  FROM      YEAR
                                                  NORMAL
..................................................................
TEMPERATURE (F)
 YESTERDAY
  MAXIMUM         67    345 PM  73    2006  55     12       67
  MINIMUM         24    534 AM  18    1989  31     -7       28
  AVERAGE         46                        43      3       48

PRECIPITATION (IN)
  YESTERDAY        0.00          1.03 2007   0.10  -0.10     0.00
  MONTH TO DATE    0.89                      1.17  -0.28     0.74
  SINCE MAR 1      1.57                      4.11  -2.54     3.46
  SINCE JAN 1      3.62                      9.05  -5.43     7.99

DEGREE DAYS
 HEATING
  YESTERDAY       19                        22     -3       17
  MONTH TO DATE  302                       290     12      276
  SINCE MAR 1   1484                      1333    151     1586
  SINCE JUL 1   7165                      6953    212     7355

 COOLING
  YESTERDAY        0                         0      0        0
  MONTH TO DATE    0                         0      0        0
  SINCE MAR 1      0                         0      0        0
  SINCE JAN 1      0                         0      0        0
..................................................................


WIND (MPH)
  HIGHEST WIND SPEED    14   HIGHEST WIND DIRECTION     S (180)
  HIGHEST GUST SPEED    20   HIGHEST GUST DIRECTION     S (180)
  AVERAGE WIND SPEED     4.2


SKY COVER
  AVERAGE SKY COVER 0.0



RELATIVE HUMIDITY (PERCENT)
 HIGHEST    88           500 AM
 LOWEST     26           400 PM
 AVERAGE    57

..........................................................


THE GLENS FALLS NY CLIMATE NORMALS FOR TODAY
                         NORMAL    RECORD    YEAR
 MAXIMUM TEMPERATURE (F)   56        83      1977
 MINIMUM TEMPERATURE (F)   32        17      1967


SUNRISE AND SUNSET
APRIL 13 2015.........SUNRISE   616 AM EDT   SUNSET   735 PM EDT
APRIL 14 2015.........SUNRISE   614 AM EDT   SUNSET   736 PM EDT


-  INDICATES NEGATIVE NUMBERS.
R  INDICATES RECORD WAS SET OR TIED.
MM INDICATES DATA IS MISSING.
T  INDICATES TRACE AMOUNT.




$$
