000
CDUS41 KALY 042051
CLIGFL


CLIMATE REPORT
NATIONAL WEATHER SERVICE ALBANY NY
450 PM EDT MON MAY 4 2015


...................................

...THE GLENS FALLS NY CLIMATE SUMMARY FOR MAY 4 2015...
VALID TODAY AS OF 0400 PM LOCAL TIME.

CLIMATE NORMAL PERIOD 1981 TO 2010
CLIMATE RECORD PERIOD 1949 TO 2015


WEATHER ITEM   OBSERVED TIME   RECORD YEAR NORMAL DEPARTURE LAST
                VALUE   (LST)  VALUE       VALUE  FROM      YEAR
                                                  NORMAL
..................................................................
TEMPERATURE (F)
 TODAY
  MAXIMUM         85    304 PM  86    2001  65     20       52
  MINIMUM         43    511 AM  25    1967  39      4       42
  AVERAGE         64                        52     12       47

PRECIPITATION (IN)
  TODAY            0.00          1.30 1984   0.11  -0.11     0.14
  MONTH TO DATE    0.00                      0.45  -0.45     0.60
  SINCE MAR 1      2.65                      6.39  -3.74     6.14
  SINCE JAN 1      4.70                     11.33  -6.63    10.67

DEGREE DAYS
 HEATING
  TODAY            1                        14    -13       18
  MONTH TO DATE   28                        56    -28       55
  SINCE MAR 1   1810                      1712     98     1959
  SINCE JUL 1   7491                      7332    159     7728

 COOLING
  TODAY            0                         0      0        0
  MONTH TO DATE    0                         0      0        0
  SINCE MAR 1      0                         1     -1        0
  SINCE JAN 1      0                         1     -1        0
..................................................................


WIND (MPH)
  HIGHEST WIND SPEED    22   HIGHEST WIND DIRECTION    SW (230)
  HIGHEST GUST SPEED    32   HIGHEST GUST DIRECTION    SW (240)
  AVERAGE WIND SPEED     6.4


SKY COVER
  AVERAGE SKY COVER 0.1



RELATIVE HUMIDITY (PERCENT)
 HIGHEST    89           500 AM
 LOWEST     20           300 PM
 AVERAGE    55

..........................................................


THE GLENS FALLS NY CLIMATE NORMALS FOR TOMORROW
                         NORMAL    RECORD    YEAR
 MAXIMUM TEMPERATURE (F)   65        87      1949
 MINIMUM TEMPERATURE (F)   39        24      1974


SUNRISE AND SUNSET
MAY  4 2015...........SUNRISE   544 AM EDT   SUNSET   759 PM EDT
MAY  5 2015...........SUNRISE   543 AM EDT   SUNSET   800 PM EDT


-  INDICATES NEGATIVE NUMBERS.
R  INDICATES RECORD WAS SET OR TIED.
MM INDICATES DATA IS MISSING.
T  INDICATES TRACE AMOUNT.




$$
