000
CDUS41 KALY 040629
CLIGFL


CLIMATE REPORT
NATIONAL WEATHER SERVICE ALBANY NY
227 AM EDT MON MAY 4 2015


...................................

...THE GLENS FALLS NY CLIMATE SUMMARY FOR MAY 3 2015...

CLIMATE NORMAL PERIOD 1981 TO 2010
CLIMATE RECORD PERIOD 1949 TO 2015


WEATHER ITEM   OBSERVED TIME   RECORD YEAR NORMAL DEPARTURE LAST
                VALUE   (LST)  VALUE       VALUE  FROM      YEAR
                                                  NORMAL
..................................................................
TEMPERATURE (F)
 YESTERDAY
  MAXIMUM         76    357 PM  89    2001  64     12       64
  MINIMUM         41    425 AM  24    1966  38      3       40
  AVERAGE         59                        51      8       52

PRECIPITATION (IN)
  YESTERDAY        0.00          1.14 1997   0.11  -0.11     0.01
  MONTH TO DATE    0.00                      0.34  -0.34     0.46
  SINCE MAR 1      2.65                      6.28  -3.63     6.00
  SINCE JAN 1      4.70                     11.22  -6.52    10.53

DEGREE DAYS
 HEATING
  YESTERDAY        6                        14     -8       13
  MONTH TO DATE   27                        42    -15       37
  SINCE MAR 1   1809                      1698    111     1941
  SINCE JUL 1   7490                      7318    172     7710

 COOLING
  YESTERDAY        0                         0      0        0
  MONTH TO DATE    0                         0      0        0
  SINCE MAR 1      0                         1     -1        0
  SINCE JAN 1      0                         1     -1        0
..................................................................


WIND (MPH)
  HIGHEST WIND SPEED    15   HIGHEST WIND DIRECTION    SW (210)
  HIGHEST GUST SPEED    20   HIGHEST GUST DIRECTION    SW (210)
  AVERAGE WIND SPEED     3.5


SKY COVER
  AVERAGE SKY COVER 0.3



RELATIVE HUMIDITY (PERCENT)
 HIGHEST    76           300 AM
 LOWEST     27           200 PM
 AVERAGE    52

..........................................................


THE GLENS FALLS NY CLIMATE NORMALS FOR TODAY
                         NORMAL    RECORD    YEAR
 MAXIMUM TEMPERATURE (F)   65        86      2001
 MINIMUM TEMPERATURE (F)   39        25      1967


SUNRISE AND SUNSET
MAY  4 2015...........SUNRISE   544 AM EDT   SUNSET   759 PM EDT
MAY  5 2015...........SUNRISE   543 AM EDT   SUNSET   800 PM EDT


-  INDICATES NEGATIVE NUMBERS.
R  INDICATES RECORD WAS SET OR TIED.
MM INDICATES DATA IS MISSING.
T  INDICATES TRACE AMOUNT.




$$
