000
CDUS41 KALY 290623
CLIGFL


CLIMATE REPORT
NATIONAL WEATHER SERVICE ALBANY NY
223 AM EDT WED APR 29 2015


...................................

...THE GLENS FALLS NY CLIMATE SUMMARY FOR APRIL 28 2015...

CLIMATE NORMAL PERIOD 1981 TO 2010
CLIMATE RECORD PERIOD 1949 TO 2015


WEATHER ITEM   OBSERVED TIME   RECORD YEAR NORMAL DEPARTURE LAST
                VALUE   (LST)  VALUE       VALUE  FROM      YEAR
                                                  NORMAL
..................................................................
TEMPERATURE (F)
 YESTERDAY
  MAXIMUM         63    237 PM  90    1990  62      1       61
  MINIMUM         40   1127 PM  22    1972  37      3       34
  AVERAGE         52                        50      2       48

PRECIPITATION (IN)
  YESTERDAY        0.00          1.47 1988   0.11  -0.11     0.00
  MONTH TO DATE    1.97                      2.77  -0.80     2.30
  SINCE MAR 1      2.65                      5.71  -3.06     5.02
  SINCE JAN 1      4.70                     10.65  -5.95     9.55

DEGREE DAYS
 HEATING
  YESTERDAY       13                        16     -3       17
  MONTH TO DATE  576                       583     -7      559
  SINCE MAR 1   1758                      1626    132     1869
  SINCE JUL 1   7439                      7246    193     7638

 COOLING
  YESTERDAY        0                         0      0        0
  MONTH TO DATE    0                         0      0        0
  SINCE MAR 1      0                         0      0        0
  SINCE JAN 1      0                         0      0        0
..................................................................


WIND (MPH)
  HIGHEST WIND SPEED    24   HIGHEST WIND DIRECTION     N (20)
  HIGHEST GUST SPEED    31   HIGHEST GUST DIRECTION     N (20)
  AVERAGE WIND SPEED     9.8


SKY COVER
  AVERAGE SKY COVER 0.3



RELATIVE HUMIDITY (PERCENT)
 HIGHEST    82          1000 PM
 LOWEST     36           100 PM
 AVERAGE    59

..........................................................


THE GLENS FALLS NY CLIMATE NORMALS FOR TODAY
                         NORMAL    RECORD    YEAR
 MAXIMUM TEMPERATURE (F)   63        83      1986
 MINIMUM TEMPERATURE (F)   37        26      2012


SUNRISE AND SUNSET
APRIL 29 2015.........SUNRISE   551 AM EDT   SUNSET   754 PM EDT
APRIL 30 2015.........SUNRISE   549 AM EDT   SUNSET   755 PM EDT


-  INDICATES NEGATIVE NUMBERS.
R  INDICATES RECORD WAS SET OR TIED.
MM INDICATES DATA IS MISSING.
T  INDICATES TRACE AMOUNT.




$$
