000
CDUS41 KALY 110623
CLIGFL


CLIMATE REPORT
NATIONAL WEATHER SERVICE ALBANY NY
223 AM EDT SAT APR 11 2015


...................................

...THE GLENS FALLS NY CLIMATE SUMMARY FOR APRIL 10 2015...

CLIMATE NORMAL PERIOD 1981 TO 2010
CLIMATE RECORD PERIOD 1949 TO 2015


WEATHER ITEM   OBSERVED TIME   RECORD YEAR NORMAL DEPARTURE LAST
                VALUE   (LST)  VALUE       VALUE  FROM      YEAR
                                                  NORMAL
..................................................................
TEMPERATURE (F)
 YESTERDAY
  MAXIMUM         51    842 PM  71    1955  54     -3       64
  MINIMUM         36    143 AM  15    1985  31      5       22
  AVERAGE         44                        42      2       43

PRECIPITATION (IN)
  YESTERDAY        0.33          1.17 1983   0.10   0.23     0.00
  MONTH TO DATE    0.89                      0.97  -0.08     0.74
  SINCE MAR 1      1.57                      3.91  -2.34     3.46
  SINCE JAN 1      3.62                      8.85  -5.23     7.99

DEGREE DAYS
 HEATING
  YESTERDAY       21                        23     -2       22
  MONTH TO DATE  258                       246     12      245
  SINCE MAR 1   1440                      1289    151     1555
  SINCE JUL 1   7121                      6909    212     7324

 COOLING
  YESTERDAY        0                         0      0        0
  MONTH TO DATE    0                         0      0        0
  SINCE MAR 1      0                         0      0        0
  SINCE JAN 1      0                         0      0        0
..................................................................


WIND (MPH)
  HIGHEST WIND SPEED    18   HIGHEST WIND DIRECTION    SW (240)
  HIGHEST GUST SPEED    26   HIGHEST GUST DIRECTION    SW (210)
  AVERAGE WIND SPEED     8.1


SKY COVER
  AVERAGE SKY COVER 1.0



RELATIVE HUMIDITY (PERCENT)
 HIGHEST    93           300 PM
 LOWEST     56          1000 PM
 AVERAGE    75

..........................................................


THE GLENS FALLS NY CLIMATE NORMALS FOR TODAY
                         NORMAL    RECORD    YEAR
 MAXIMUM TEMPERATURE (F)   55        79      2011
 MINIMUM TEMPERATURE (F)   31         9      1974


SUNRISE AND SUNSET
APRIL 11 2015.........SUNRISE   619 AM EDT   SUNSET   732 PM EDT
APRIL 12 2015.........SUNRISE   618 AM EDT   SUNSET   734 PM EDT


-  INDICATES NEGATIVE NUMBERS.
R  INDICATES RECORD WAS SET OR TIED.
MM INDICATES DATA IS MISSING.
T  INDICATES TRACE AMOUNT.




$$
