000
CDUS41 KALY 120622
CLIGFL


CLIMATE REPORT
NATIONAL WEATHER SERVICE ALBANY NY
221 AM EDT SUN APR 12 2015


...................................

...THE GLENS FALLS NY CLIMATE SUMMARY FOR APRIL 11 2015...

CLIMATE NORMAL PERIOD 1981 TO 2010
CLIMATE RECORD PERIOD 1949 TO 2015


WEATHER ITEM   OBSERVED TIME   RECORD YEAR NORMAL DEPARTURE LAST
                VALUE   (LST)  VALUE       VALUE  FROM      YEAR
                                                  NORMAL
..................................................................
TEMPERATURE (F)
 YESTERDAY
  MAXIMUM         48    450 PM  79    2011  55     -7       67
  MINIMUM         32   1157 PM   9    1974  31      1       34
  AVERAGE         40                        43     -3       51

PRECIPITATION (IN)
  YESTERDAY        0.00          0.86 1992   0.10  -0.10      T
  MONTH TO DATE    0.89                      1.07  -0.18     0.74
  SINCE MAR 1      1.57                      4.01  -2.44     3.46
  SINCE JAN 1      3.62                      8.95  -5.33     7.99

DEGREE DAYS
 HEATING
  YESTERDAY       25                        22      3       14
  MONTH TO DATE  283                       268     15      259
  SINCE MAR 1   1465                      1311    154     1569
  SINCE JUL 1   7146                      6931    215     7338

 COOLING
  YESTERDAY        0                         0      0        0
  MONTH TO DATE    0                         0      0        0
  SINCE MAR 1      0                         0      0        0
  SINCE JAN 1      0                         0      0        0
..................................................................


WIND (MPH)
  HIGHEST WIND SPEED    24   HIGHEST WIND DIRECTION     W (290)
  HIGHEST GUST SPEED    33   HIGHEST GUST DIRECTION    SW (220)
  AVERAGE WIND SPEED    11.2


SKY COVER
  AVERAGE SKY COVER 0.6



RELATIVE HUMIDITY (PERCENT)
 HIGHEST    70          1100 PM
 LOWEST     38           600 PM
 AVERAGE    54

..........................................................


THE GLENS FALLS NY CLIMATE NORMALS FOR TODAY
                         NORMAL    RECORD    YEAR
 MAXIMUM TEMPERATURE (F)   55        73      2006
 MINIMUM TEMPERATURE (F)   31        18      1989


SUNRISE AND SUNSET
APRIL 12 2015.........SUNRISE   618 AM EDT   SUNSET   734 PM EDT
APRIL 13 2015.........SUNRISE   616 AM EDT   SUNSET   735 PM EDT


-  INDICATES NEGATIVE NUMBERS.
R  INDICATES RECORD WAS SET OR TIED.
MM INDICATES DATA IS MISSING.
T  INDICATES TRACE AMOUNT.




$$
